{"id":9261,"date":"2026-02-25T11:09:46","date_gmt":"2026-02-25T16:09:46","guid":{"rendered":"https:\/\/educacioncontinua.pascualbravo.edu.co\/?post_type=product&#038;p=9261"},"modified":"2026-03-10T13:43:10","modified_gmt":"2026-03-10T18:43:10","slug":"diplomado-aplicacion-del-retie-en-sistemas-de-baja-y-media-tension","status":"publish","type":"product","link":"https:\/\/educacioncontinua.pascualbravo.edu.co\/?product=diplomado-aplicacion-del-retie-en-sistemas-de-baja-y-media-tension","title":{"rendered":"Diplomado aplicaci\u00f3n del RETIE en Sistemas de Baja y Media Tensi\u00f3n"},"content":{"rendered":"<p>La instituci\u00f3n universitaria pascual bravo desarrollo un diplomado dise\u00f1ado para fortalecer la apropiaci\u00f3n y aplicaci\u00f3n pr\u00e1ctica del Reglamento T\u00e9cnico de Instalaciones El\u00e9ctricas (RETIE) y la NTC 2050, orientado a sistemas de uso final, media tensi\u00f3n e instalaciones especiales, brindando a los participantes herramientas actualizadas y de alto impacto para el ejercicio profesional.<\/p>\n<h5>OBJETIVOS ESPEC\u00cdFICOS:<\/h5>\n<ul>\n<li>Identificar y analizar los aspectos clave del Reglamento T\u00e9cnico de Instalaciones El\u00e9ctricas (RETIE) y la NTC 2050 aplicables a instalaciones de uso final, media tensi\u00f3n e instalaciones especiales.<\/li>\n<li>Fortalecer la comprensi\u00f3n de los conceptos fundamentales del RETIE y la NTC 2050, promoviendo su correcta interpretaci\u00f3n y aplicaci\u00f3n en el ejercicio profesional.<\/li>\n<li>Desarrollar las competencias necesarias para aplicar estos conocimientos en procesos de evaluaci\u00f3n e inspecci\u00f3n de instalaciones el\u00e9ctricas.<\/li>\n<\/ul>\n<h5>Lo que vas a aprender:<\/h5>\n<p><!--aqu\u00ed empieza acoerde\u00f3n de qu\u00e9 vas a aprender--><\/p>\n<div id=\"accordionExample\" class=\"accordion\">\n<div class=\"card ec-card\">\n<div id=\"headingOne\" class=\"card-header ec-header\">\n<p><button class=\"btn btn-link btn-block text-left ec-btn\" type=\"button\" data-toggle=\"collapse\" data-target=\"#collapseOne\" aria-expanded=\"true\" aria-controls=\"collapseOne\"><br \/>\nTemas<\/button><\/p>\n<\/div>\n<div id=\"collapseOne\" class=\"collapse show\" aria-labelledby=\"headingOne\" data-parent=\"#accordionExample\">\n<div class=\"card-body ec-cardbody\">\n<ul>\n<li>Estructura General del Retie y la NTC 2050. Disposiciones generales, hasta t\u00edtulo 5.<\/li>\n<li>Del Retie y la NTC 2050.Requisitos esenciales de las instalaciones de uso general. Hasta t\u00edtulo 11.<\/li>\n<li>Del Retie y la NTC 2050.Requisitos esenciales de las instalaciones de uso general. Hasta t\u00edtulo 27 y Medida de S.P.T.<\/li>\n<li>Del Retie y la NTC 2050.Requisitos esenciales de los productos y prohibiciones, conformidad, control y disposiciones transitorias. Para uso final, transformaci\u00f3n asociada a baja tensi\u00f3n y simulacro te\u00f3rico del tema y socializaci\u00f3n.<\/li>\n<li>Aplicaciones, inspecciones, prohibiciones, conformidad, control y disposiciones transitorias. Para uso final (visita pr\u00e1ctica), instalaciones en media tensi\u00f3n. productos y prohibiciones, conformidad, control y disposiciones transitorias. Para media tensi\u00f3n.<\/li>\n<li>Del Retie y la NTC 2050. Requisitos esenciales de las instalaciones provisionales, especiales, hospitales, minas.<\/li>\n<li>Aplicaciones en \u00e1reas especiales como ascensores, piscinas, EDS, RCI y otras. productos para instalaciones especiales. Simulacro te\u00f3rico del tema y socializaci\u00f3n.<\/li>\n<li>Aplicaciones, inspecciones, prohibiciones, conformidad, control y disposiciones transitorias. Para instalaciones en media tensi\u00f3n. (visita pr\u00e1ctica final.) Conversatorio final (retroalimentaci\u00f3n de inspecci\u00f3n). Simulacro te\u00f3rico final de todo el tema y socializaci\u00f3n.<\/li>\n<\/ul>\n<h5>Dirigido a:<\/h5>\n<\/div>\n<\/div>\n<\/div>\n<div class=\"card ec-card\">\n<div id=\"collapseTwo\" class=\"collapse\" aria-labelledby=\"headingTwo\" data-parent=\"#accordionExample\">\n<div class=\"card-body ec-cardbody\">Estudiantes, tecn\u00f3logos y profesionales en ingenier\u00eda el\u00e9ctrica, sistemas electromec\u00e1nicos y carreras afines que deseen fortalecer y actualizar sus conocimientos en la aplicaci\u00f3n del Reglamento T\u00e9cnico de Instalaciones El\u00e9ctricas (RETIE).<br \/>\nTambi\u00e9n est\u00e1 orientado a estudiantes que busquen convalidar esta formaci\u00f3n como opci\u00f3n de proyecto de grado, integrando aprendizaje pr\u00e1ctico y desarrollo acad\u00e9mico en un mismo proceso.<\/div>\n<\/div>\n<\/div>\n<div class=\"card ec-card\">\n<div id=\"headingThree\" class=\"card-header ec-header\"><\/div>\n<\/div>\n<\/div>\n<p>&nbsp;<\/p>\n<p><b>El inicio del curso se encuentra sujeto a la inscripci\u00f3n del cupo m\u00ednimo de 19 participantes.<\/b><\/p>\n<p>Valor: $ 1.600.000<\/p>\n<p>Horarios: S\u00e1bados 8:00 a.m. a 12:00 m y 1:00 p.m. a 5:00 p.m. y domingo 8:00 a.m. a 12:00 m<\/p>\n","protected":false},"excerpt":{"rendered":"<p>La instituci\u00f3n universitaria pascual bravo desarrollo un diplomado dise\u00f1ado para fortalecer la apropiaci\u00f3n y aplicaci\u00f3n pr\u00e1ctica del Reglamento T\u00e9cnico de Instalaciones El\u00e9ctricas (RETIE) y la NTC 2050, orientado a sistemas de uso final, media tensi\u00f3n e instalaciones especiales, brindando a los participantes herramientas actualizadas y de alto impacto para el ejercicio profesional. OBJETIVOS ESPEC\u00cdFICOS: Identificar [&hellip;]<\/p>\n","protected":false},"featured_media":9307,"comment_status":"open","ping_status":"closed","template":"","meta":{"_acf_changed":false},"product_cat":[137],"product_tag":[67],"tipo_oferta":[87],"modalidad":[92],"nivel":[95],"tipo_de_programa":[105],"acf":[],"yoast_head":"<!-- This site is optimized with the Yoast SEO plugin v22.9 - https:\/\/yoast.com\/wordpress\/plugins\/seo\/ -->\n<title>Diplomado aplicaci\u00f3n del RETIE en Sistemas de Baja y Media Tensi\u00f3n - Unidad de Educaci\u00f3n Continua - I.U. Pascual Bravo<\/title>\n<meta name=\"robots\" content=\"index, follow, max-snippet:-1, max-image-preview:large, max-video-preview:-1\" \/>\n<link rel=\"canonical\" href=\"https:\/\/educacioncontinua.pascualbravo.edu.co\/?product=diplomado-aplicacion-del-retie-en-sistemas-de-baja-y-media-tension\" \/>\n<meta property=\"og:locale\" content=\"es_ES\" \/>\n<meta property=\"og:type\" content=\"article\" \/>\n<meta property=\"og:title\" content=\"Diplomado aplicaci\u00f3n del RETIE en Sistemas de Baja y Media Tensi\u00f3n - Unidad de Educaci\u00f3n Continua - I.U. Pascual Bravo\" \/>\n<meta property=\"og:description\" content=\"La instituci\u00f3n universitaria pascual bravo desarrollo un diplomado dise\u00f1ado para fortalecer la apropiaci\u00f3n y aplicaci\u00f3n pr\u00e1ctica del Reglamento T\u00e9cnico de Instalaciones El\u00e9ctricas (RETIE) y la NTC 2050, orientado a sistemas de uso final, media tensi\u00f3n e instalaciones especiales, brindando a los participantes herramientas actualizadas y de alto impacto para el ejercicio profesional. OBJETIVOS ESPEC\u00cdFICOS: Identificar [&hellip;]\" \/>\n<meta property=\"og:url\" content=\"https:\/\/educacioncontinua.pascualbravo.edu.co\/?product=diplomado-aplicacion-del-retie-en-sistemas-de-baja-y-media-tension\" \/>\n<meta property=\"og:site_name\" content=\"Unidad de Educaci\u00f3n Continua - I.U. Pascual Bravo\" \/>\n<meta property=\"article:modified_time\" content=\"2026-03-10T18:43:10+00:00\" \/>\n<meta property=\"og:image\" content=\"https:\/\/educacioncontinua.pascualbravo.edu.co\/wp-content\/uploads\/2022\/04\/Miniatura-Diplomado-RETIE_2026.webp\" \/>\n\t<meta property=\"og:image:width\" content=\"628\" \/>\n\t<meta property=\"og:image:height\" content=\"629\" \/>\n\t<meta property=\"og:image:type\" content=\"image\/webp\" \/>\n<meta name=\"twitter:card\" content=\"summary_large_image\" \/>\n<meta name=\"twitter:label1\" content=\"Tiempo de lectura\" \/>\n\t<meta name=\"twitter:data1\" content=\"3 minutos\" \/>\n<script type=\"application\/ld+json\" class=\"yoast-schema-graph\">{\"@context\":\"https:\/\/schema.org\",\"@graph\":[{\"@type\":\"WebPage\",\"@id\":\"https:\/\/educacioncontinua.pascualbravo.edu.co\/?product=diplomado-aplicacion-del-retie-en-sistemas-de-baja-y-media-tension\",\"url\":\"https:\/\/educacioncontinua.pascualbravo.edu.co\/?product=diplomado-aplicacion-del-retie-en-sistemas-de-baja-y-media-tension\",\"name\":\"Diplomado aplicaci\u00f3n del RETIE en Sistemas de Baja y Media Tensi\u00f3n - Unidad de Educaci\u00f3n Continua - I.U. Pascual Bravo\",\"isPartOf\":{\"@id\":\"https:\/\/educacioncontinua.pascualbravo.edu.co\/#website\"},\"primaryImageOfPage\":{\"@id\":\"https:\/\/educacioncontinua.pascualbravo.edu.co\/?product=diplomado-aplicacion-del-retie-en-sistemas-de-baja-y-media-tension#primaryimage\"},\"image\":{\"@id\":\"https:\/\/educacioncontinua.pascualbravo.edu.co\/?product=diplomado-aplicacion-del-retie-en-sistemas-de-baja-y-media-tension#primaryimage\"},\"thumbnailUrl\":\"https:\/\/educacioncontinua.pascualbravo.edu.co\/wp-content\/uploads\/2022\/04\/Miniatura-Diplomado-RETIE_2026.webp\",\"datePublished\":\"2026-02-25T16:09:46+00:00\",\"dateModified\":\"2026-03-10T18:43:10+00:00\",\"breadcrumb\":{\"@id\":\"https:\/\/educacioncontinua.pascualbravo.edu.co\/?product=diplomado-aplicacion-del-retie-en-sistemas-de-baja-y-media-tension#breadcrumb\"},\"inLanguage\":\"es-CO\",\"potentialAction\":[{\"@type\":\"ReadAction\",\"target\":[\"https:\/\/educacioncontinua.pascualbravo.edu.co\/?product=diplomado-aplicacion-del-retie-en-sistemas-de-baja-y-media-tension\"]}]},{\"@type\":\"ImageObject\",\"inLanguage\":\"es-CO\",\"@id\":\"https:\/\/educacioncontinua.pascualbravo.edu.co\/?product=diplomado-aplicacion-del-retie-en-sistemas-de-baja-y-media-tension#primaryimage\",\"url\":\"https:\/\/educacioncontinua.pascualbravo.edu.co\/wp-content\/uploads\/2022\/04\/Miniatura-Diplomado-RETIE_2026.webp\",\"contentUrl\":\"https:\/\/educacioncontinua.pascualbravo.edu.co\/wp-content\/uploads\/2022\/04\/Miniatura-Diplomado-RETIE_2026.webp\",\"width\":628,\"height\":629},{\"@type\":\"BreadcrumbList\",\"@id\":\"https:\/\/educacioncontinua.pascualbravo.edu.co\/?product=diplomado-aplicacion-del-retie-en-sistemas-de-baja-y-media-tension#breadcrumb\",\"itemListElement\":[{\"@type\":\"ListItem\",\"position\":1,\"name\":\"Inicio\",\"item\":\"https:\/\/educacioncontinua.pascualbravo.edu.co\/\"},{\"@type\":\"ListItem\",\"position\":2,\"name\":\"Oferta acad\u00e9mica\",\"item\":\"https:\/\/educacioncontinua.pascualbravo.edu.co\/?page_id=14\"},{\"@type\":\"ListItem\",\"position\":3,\"name\":\"Diplomado aplicaci\u00f3n del RETIE en Sistemas de Baja y Media Tensi\u00f3n\"}]},{\"@type\":\"WebSite\",\"@id\":\"https:\/\/educacioncontinua.pascualbravo.edu.co\/#website\",\"url\":\"https:\/\/educacioncontinua.pascualbravo.edu.co\/\",\"name\":\"Unidad de Educaci\u00f3n Continua - I.U. Pascual Bravo\",\"description\":\"Unidad de Educaci\u00f3n Continua - I.U. Pascual Bravo\",\"publisher\":{\"@id\":\"https:\/\/educacioncontinua.pascualbravo.edu.co\/#organization\"},\"potentialAction\":[{\"@type\":\"SearchAction\",\"target\":{\"@type\":\"EntryPoint\",\"urlTemplate\":\"https:\/\/educacioncontinua.pascualbravo.edu.co\/?s={search_term_string}\"},\"query-input\":\"required name=search_term_string\"}],\"inLanguage\":\"es-CO\"},{\"@type\":\"Organization\",\"@id\":\"https:\/\/educacioncontinua.pascualbravo.edu.co\/#organization\",\"name\":\"Unidad de Educaci\u00f3n Continua - I.U. Pascual Bravo\",\"url\":\"https:\/\/educacioncontinua.pascualbravo.edu.co\/\",\"logo\":{\"@type\":\"ImageObject\",\"inLanguage\":\"es-CO\",\"@id\":\"https:\/\/educacioncontinua.pascualbravo.edu.co\/#\/schema\/logo\/image\/\",\"url\":\"https:\/\/educacioncontinua.pascualbravo.edu.co\/wp-content\/uploads\/2020\/12\/Pascual-Bravo.png\",\"contentUrl\":\"https:\/\/educacioncontinua.pascualbravo.edu.co\/wp-content\/uploads\/2020\/12\/Pascual-Bravo.png\",\"width\":300,\"height\":77,\"caption\":\"Unidad de Educaci\u00f3n Continua - I.U. Pascual Bravo\"},\"image\":{\"@id\":\"https:\/\/educacioncontinua.pascualbravo.edu.co\/#\/schema\/logo\/image\/\"}}]}<\/script>\n<!-- \/ Yoast SEO plugin. -->","yoast_head_json":{"title":"Diplomado aplicaci\u00f3n del RETIE en Sistemas de Baja y Media Tensi\u00f3n - Unidad de Educaci\u00f3n Continua - I.U. Pascual Bravo","robots":{"index":"index","follow":"follow","max-snippet":"max-snippet:-1","max-image-preview":"max-image-preview:large","max-video-preview":"max-video-preview:-1"},"canonical":"https:\/\/educacioncontinua.pascualbravo.edu.co\/?product=diplomado-aplicacion-del-retie-en-sistemas-de-baja-y-media-tension","og_locale":"es_ES","og_type":"article","og_title":"Diplomado aplicaci\u00f3n del RETIE en Sistemas de Baja y Media Tensi\u00f3n - Unidad de Educaci\u00f3n Continua - I.U. Pascual Bravo","og_description":"La instituci\u00f3n universitaria pascual bravo desarrollo un diplomado dise\u00f1ado para fortalecer la apropiaci\u00f3n y aplicaci\u00f3n pr\u00e1ctica del Reglamento T\u00e9cnico de Instalaciones El\u00e9ctricas (RETIE) y la NTC 2050, orientado a sistemas de uso final, media tensi\u00f3n e instalaciones especiales, brindando a los participantes herramientas actualizadas y de alto impacto para el ejercicio profesional. OBJETIVOS ESPEC\u00cdFICOS: Identificar [&hellip;]","og_url":"https:\/\/educacioncontinua.pascualbravo.edu.co\/?product=diplomado-aplicacion-del-retie-en-sistemas-de-baja-y-media-tension","og_site_name":"Unidad de Educaci\u00f3n Continua - I.U. Pascual Bravo","article_modified_time":"2026-03-10T18:43:10+00:00","og_image":[{"width":628,"height":629,"url":"https:\/\/educacioncontinua.pascualbravo.edu.co\/wp-content\/uploads\/2022\/04\/Miniatura-Diplomado-RETIE_2026.webp","type":"image\/webp"}],"twitter_card":"summary_large_image","twitter_misc":{"Tiempo de lectura":"3 minutos"},"schema":{"@context":"https:\/\/schema.org","@graph":[{"@type":"WebPage","@id":"https:\/\/educacioncontinua.pascualbravo.edu.co\/?product=diplomado-aplicacion-del-retie-en-sistemas-de-baja-y-media-tension","url":"https:\/\/educacioncontinua.pascualbravo.edu.co\/?product=diplomado-aplicacion-del-retie-en-sistemas-de-baja-y-media-tension","name":"Diplomado aplicaci\u00f3n del RETIE en Sistemas de Baja y Media Tensi\u00f3n - Unidad de Educaci\u00f3n Continua - I.U. Pascual Bravo","isPartOf":{"@id":"https:\/\/educacioncontinua.pascualbravo.edu.co\/#website"},"primaryImageOfPage":{"@id":"https:\/\/educacioncontinua.pascualbravo.edu.co\/?product=diplomado-aplicacion-del-retie-en-sistemas-de-baja-y-media-tension#primaryimage"},"image":{"@id":"https:\/\/educacioncontinua.pascualbravo.edu.co\/?product=diplomado-aplicacion-del-retie-en-sistemas-de-baja-y-media-tension#primaryimage"},"thumbnailUrl":"https:\/\/educacioncontinua.pascualbravo.edu.co\/wp-content\/uploads\/2022\/04\/Miniatura-Diplomado-RETIE_2026.webp","datePublished":"2026-02-25T16:09:46+00:00","dateModified":"2026-03-10T18:43:10+00:00","breadcrumb":{"@id":"https:\/\/educacioncontinua.pascualbravo.edu.co\/?product=diplomado-aplicacion-del-retie-en-sistemas-de-baja-y-media-tension#breadcrumb"},"inLanguage":"es-CO","potentialAction":[{"@type":"ReadAction","target":["https:\/\/educacioncontinua.pascualbravo.edu.co\/?product=diplomado-aplicacion-del-retie-en-sistemas-de-baja-y-media-tension"]}]},{"@type":"ImageObject","inLanguage":"es-CO","@id":"https:\/\/educacioncontinua.pascualbravo.edu.co\/?product=diplomado-aplicacion-del-retie-en-sistemas-de-baja-y-media-tension#primaryimage","url":"https:\/\/educacioncontinua.pascualbravo.edu.co\/wp-content\/uploads\/2022\/04\/Miniatura-Diplomado-RETIE_2026.webp","contentUrl":"https:\/\/educacioncontinua.pascualbravo.edu.co\/wp-content\/uploads\/2022\/04\/Miniatura-Diplomado-RETIE_2026.webp","width":628,"height":629},{"@type":"BreadcrumbList","@id":"https:\/\/educacioncontinua.pascualbravo.edu.co\/?product=diplomado-aplicacion-del-retie-en-sistemas-de-baja-y-media-tension#breadcrumb","itemListElement":[{"@type":"ListItem","position":1,"name":"Inicio","item":"https:\/\/educacioncontinua.pascualbravo.edu.co\/"},{"@type":"ListItem","position":2,"name":"Oferta acad\u00e9mica","item":"https:\/\/educacioncontinua.pascualbravo.edu.co\/?page_id=14"},{"@type":"ListItem","position":3,"name":"Diplomado aplicaci\u00f3n del RETIE en Sistemas de Baja y Media Tensi\u00f3n"}]},{"@type":"WebSite","@id":"https:\/\/educacioncontinua.pascualbravo.edu.co\/#website","url":"https:\/\/educacioncontinua.pascualbravo.edu.co\/","name":"Unidad de Educaci\u00f3n Continua - I.U. Pascual Bravo","description":"Unidad de Educaci\u00f3n Continua - I.U. Pascual Bravo","publisher":{"@id":"https:\/\/educacioncontinua.pascualbravo.edu.co\/#organization"},"potentialAction":[{"@type":"SearchAction","target":{"@type":"EntryPoint","urlTemplate":"https:\/\/educacioncontinua.pascualbravo.edu.co\/?s={search_term_string}"},"query-input":"required name=search_term_string"}],"inLanguage":"es-CO"},{"@type":"Organization","@id":"https:\/\/educacioncontinua.pascualbravo.edu.co\/#organization","name":"Unidad de Educaci\u00f3n Continua - I.U. Pascual Bravo","url":"https:\/\/educacioncontinua.pascualbravo.edu.co\/","logo":{"@type":"ImageObject","inLanguage":"es-CO","@id":"https:\/\/educacioncontinua.pascualbravo.edu.co\/#\/schema\/logo\/image\/","url":"https:\/\/educacioncontinua.pascualbravo.edu.co\/wp-content\/uploads\/2020\/12\/Pascual-Bravo.png","contentUrl":"https:\/\/educacioncontinua.pascualbravo.edu.co\/wp-content\/uploads\/2020\/12\/Pascual-Bravo.png","width":300,"height":77,"caption":"Unidad de Educaci\u00f3n Continua - I.U. Pascual Bravo"},"image":{"@id":"https:\/\/educacioncontinua.pascualbravo.edu.co\/#\/schema\/logo\/image\/"}}]}},"_links":{"self":[{"href":"https:\/\/educacioncontinua.pascualbravo.edu.co\/index.php?rest_route=\/wp\/v2\/product\/9261"}],"collection":[{"href":"https:\/\/educacioncontinua.pascualbravo.edu.co\/index.php?rest_route=\/wp\/v2\/product"}],"about":[{"href":"https:\/\/educacioncontinua.pascualbravo.edu.co\/index.php?rest_route=\/wp\/v2\/types\/product"}],"replies":[{"embeddable":true,"href":"https:\/\/educacioncontinua.pascualbravo.edu.co\/index.php?rest_route=%2Fwp%2Fv2%2Fcomments&post=9261"}],"wp:featuredmedia":[{"embeddable":true,"href":"https:\/\/educacioncontinua.pascualbravo.edu.co\/index.php?rest_route=\/wp\/v2\/media\/9307"}],"wp:attachment":[{"href":"https:\/\/educacioncontinua.pascualbravo.edu.co\/index.php?rest_route=%2Fwp%2Fv2%2Fmedia&parent=9261"}],"wp:term":[{"taxonomy":"product_cat","embeddable":true,"href":"https:\/\/educacioncontinua.pascualbravo.edu.co\/index.php?rest_route=%2Fwp%2Fv2%2Fproduct_cat&post=9261"},{"taxonomy":"product_tag","embeddable":true,"href":"https:\/\/educacioncontinua.pascualbravo.edu.co\/index.php?rest_route=%2Fwp%2Fv2%2Fproduct_tag&post=9261"},{"taxonomy":"tipo_oferta","embeddable":true,"href":"https:\/\/educacioncontinua.pascualbravo.edu.co\/index.php?rest_route=%2Fwp%2Fv2%2Ftipo_oferta&post=9261"},{"taxonomy":"modalidad","embeddable":true,"href":"https:\/\/educacioncontinua.pascualbravo.edu.co\/index.php?rest_route=%2Fwp%2Fv2%2Fmodalidad&post=9261"},{"taxonomy":"nivel","embeddable":true,"href":"https:\/\/educacioncontinua.pascualbravo.edu.co\/index.php?rest_route=%2Fwp%2Fv2%2Fnivel&post=9261"},{"taxonomy":"tipo_de_programa","embeddable":true,"href":"https:\/\/educacioncontinua.pascualbravo.edu.co\/index.php?rest_route=%2Fwp%2Fv2%2Ftipo_de_programa&post=9261"}],"curies":[{"name":"wp","href":"https:\/\/api.w.org\/{rel}","templated":true}]}}