{"id":5026,"date":"2022-10-18T08:08:56","date_gmt":"2022-10-18T13:08:56","guid":{"rendered":"https:\/\/educacioncontinua.pascualbravo.edu.co\/?post_type=product&#038;p=5026"},"modified":"2025-11-26T11:51:38","modified_gmt":"2025-11-26T16:51:38","slug":"habilidades-para-la-industria-4-0","status":"publish","type":"product","link":"https:\/\/educacioncontinua.pascualbravo.edu.co\/?product=habilidades-para-la-industria-4-0","title":{"rendered":"Habilidades para la Industria 4.0"},"content":{"rendered":"<p><iframe title=\"Video publicitario - Curso MOOC Programaci\u00f3n para no programadores PYTHON\" src=\"https:\/\/www.youtube.com\/embed\/13crgEC6Muo\" width=\"1280\" height=\"400\" frameborder=\"0\" allowfullscreen=\"allowfullscreen\"><span data-mce-type=\"bookmark\" style=\"display: inline-block; width: 0px; overflow: hidden; line-height: 0;\" class=\"mce_SELRES_start\">\ufeff<\/span><span data-mce-type=\"bookmark\" style=\"display: inline-block; width: 0px; overflow: hidden; line-height: 0;\" class=\"mce_SELRES_start\">\ufeff<\/span><\/iframe><\/p>\n<p>La Cuarta Revoluci\u00f3n Industrial est\u00e1 cambiando muchas estructuras sociales. En Jap\u00f3n, por ejemplo, los resultados de estos cambios sociales suelen recibir el nombre de Sociedad 5.0. Hemos pasado de ser una sociedad cazadora y recolectora (Sociedad 1.0) a una sociedad agr\u00edcola (Sociedad 2.0), una sociedad industrial (Sociedad 3.0) y una sociedad de la informaci\u00f3n (Sociedad 4.0), y ahora estamos en los albores de una nueva sociedad centrada en el ser humano (5.0).<\/p>\n<p>Nuevos sistemas est\u00e1n uniendo el mundo cibern\u00e9tico con el mundo f\u00edsico de maneras sofisticadas, para impulsar el desarrollo econ\u00f3mico al tiempo que resuelven problemas sociales. Las nuevas tecnolog\u00edas como la inteligencia artificial, tienen aqu\u00ed un impacto incre\u00edble: robots, coches sin conductor y otras tecnolog\u00edas aut\u00f3nomas permiten superar problemas como el descenso de la natalidad y el envejecimiento de la poblaci\u00f3n, la despoblaci\u00f3n de las zonas rurales y la desigualdad en la distribuci\u00f3n de la riqueza.<\/p>\n<p>Es de esperar que estas innovaciones derriben los muros que han existido entre las personas y construyan una sociedad en la que la gente pueda tener esperanza, en la que personas de todas las generaciones se respeten mutuamente, en la que todo el mundo pueda vivir de manera confortable y que el ser humano pueda brindarle cuidado y protecci\u00f3n al planeta tierra.<\/p>\n<p>Es as\u00ed como nace el presente MOOC <b>Habilidades para la Industria 4.0 <\/b>, el cual busca brindar el conocimiento y las herramientas pr\u00e1cticas para que los profesionales de cualquier disciplina, puedan desarrollar las competencias de Liderazgo 4.0 que son requeridas en los escenarios actuales y futuros de la econom\u00eda global y de la sociedad humana.<\/p>\n<p>\u00bfEst\u00e1s listo(a) para fortalecer tus <b>habilidades para la Industria 4.0?<\/b><\/p>\n<h5>Objetivo general:<\/h5>\n<p>Conectar a los participantes con el mundo de posibilidades que ofrece la Cuarta Revoluci\u00f3n Industrial para sus vidas, profesiones, oficios y negocios a trav\u00e9s de la integraci\u00f3n de las habilidades t\u00e9cnicas y sociales, que se requieren para solucionar los retos actuales y futuros de la industria 4.0<\/p>\n<h5>Objetivos espec\u00edficos:<\/h5>\n<ul>\n<li>Identificar los alcances de la cuarta Revoluci\u00f3n Industrial y las tecnolog\u00edas o herramientas que impulsan su desarrollo.<\/li>\n<li>Fortalecer las 6 herramientas sociales que propone el Foro Econ\u00f3mico Mundial, para liderar con \u00e9xito los retos humanos y empresariales del presente y el futuro.<\/li>\n<li>Desarrollar el arte de inspirar a los dem\u00e1s y coordinar acciones para obtener resultados exitosos de cara a los retos de la Cuarta Revoluci\u00f3n Industrial<\/li>\n<\/ul>\n<h5>Lo que vas a aprender:<\/h5>\n<p><!--aqu\u00ed empieza acoerde\u00f3n de qu\u00e9 vas a aprender--><\/p>\n<div id=\"accordionExample\" class=\"accordion\">\n<div class=\"card ec-card\">\n<div id=\"headingOne\" class=\"card-header ec-header\"><button class=\"btn btn-link btn-block text-left ec-btn\" type=\"button\" data-toggle=\"collapse\" data-target=\"#collapseOne\"><br \/>\nPresentaci\u00f3n<br \/>\n<\/button><\/div>\n<div id=\"collapseOne\" class=\"collapse show\" aria-labelledby=\"headingOne\" data-parent=\"#accordionExample\">\n<div class=\"card-body ec-cardbody\">\n<p><b>Prop\u00f3sito:<\/b> Propiciar una conexi\u00f3n desde el ser, en funci\u00f3n de la autogesti\u00f3n que se requiere para la Cuarta Revoluci\u00f3n Industrial<\/p>\n<p><b>Saberes:<\/b><\/p>\n<ul style=\"list-style: none;\">\n<li>Reto de Iniciativa<\/li>\n<li>Reto de Aprendizaje Activo<\/li>\n<li>Reto de Atenci\u00f3n al detalle y confiabilidad<\/li>\n<li>Reto de Resiliencia<\/li>\n<li>Reto de Tolerancia a la Frustraci\u00f3n<\/li>\n<li>Reto de Flexibilidad<\/li>\n<\/ul>\n<p><b>Horas:<\/b> 6<\/p>\n<\/div>\n<\/div>\n<\/div>\n<div class=\"card ec-card\">\n<div id=\"headingTwo\" class=\"card-header ec-header\"><button class=\"btn btn-link btn-block text-left ec-btn\" type=\"button\" data-toggle=\"collapse\" data-target=\"#collapseTwo\"><br \/>\nM\u00f3dulo 1: Cuarta Revoluci\u00f3n Industrial<br \/>\n<\/button><\/div>\n<div id=\"collapseTwo\" class=\"collapse\" aria-labelledby=\"headingTwo\" data-parent=\"#accordionExample\">\n<div class=\"card-body ec-cardbody\">\n<p><b>Prop\u00f3sito:<\/b> Identificar los alcances de la cuarta Revoluci\u00f3n Industrial y las tecnolog\u00edas o herramientas que impulsan su desarrollo.<\/p>\n<p><b>Saberes:<\/b><\/p>\n<ul style=\"list-style: none;\">\n<li><b>Saber 1:<\/b> Hitos claves en el desarrollo de la Cuarta Revoluci\u00f3n Industrial y la inserci\u00f3n de tecnolog\u00edas.<\/li>\n<li><b>Saber 2:<\/b> Los alcances de la cuarta Revoluci\u00f3n Industrial y las tecnolog\u00edas o herramientas que impulsan su desarrollo<\/li>\n<li><b>Saber 3:<\/b> Los procesos de manufactura inteligente y el aporte del Open Source en el desarrollo de la misma.<\/li>\n<li><b>Saber 4:<\/b> La sens\u00f3rica y la tecnolog\u00eda inteligente en la Cuarta Revoluci\u00f3n Industrial.<\/li>\n<li><b>Saber 5:<\/b> Caracter\u00edsticas de las Ciudades Inteligentes<\/li>\n<\/ul>\n<p><b>Horas:<\/b> 12<\/p>\n<\/div>\n<\/div>\n<\/div>\n<div class=\"card ec-card\">\n<div id=\"headingThree\" class=\"card-header ec-header\"><button class=\"btn btn-link btn-block text-left ec-btn\" type=\"button\" data-toggle=\"collapse\" data-target=\"#collapseThree\"><br \/>\nM\u00f3dulo 2: Herramientas Sociales para la Cuarta Revoluci\u00f3n Industrial<br \/>\n<\/button><\/div>\n<div id=\"collapseThree\" class=\"collapse\" aria-labelledby=\"headingThree\" data-parent=\"#accordionExample\">\n<div class=\"card-body ec-cardbody\">\n<p><b>Prop\u00f3sito:<\/b> Fortalecer las 6 herramientas sociales que propone el Foro Econ\u00f3mico Mundial, para liderar con \u00e9xito los retos humanos y empresariales del presente y el futuro.<\/p>\n<p><b>Saberes:<\/b><\/p>\n<ul style=\"list-style: none;\">\n<li><b>Saber 1:<\/b> Inteligencia Emocional<\/li>\n<li><b>Saber 2:<\/b> Persuasi\u00f3n<\/li>\n<li><b>Saber 3:<\/b> Negociaci\u00f3n<\/li>\n<li><b>Saber 4.<\/b> Orientaci\u00f3n al Servicio<\/li>\n<li><b>Saber 5:<\/b> Ense\u00f1ar a los otros<\/li>\n<li><b>Saber 6:<\/b> Coordinando acciones con los dem\u00e1s<\/li>\n<\/ul>\n<p><b>Horas:<\/b>15<\/p>\n<\/div>\n<\/div>\n<\/div>\n<div class=\"card ec-card\">\n<div id=\"headingCuatro\" class=\"card-header ec-header\"><button class=\"btn btn-link btn-block text-left ec-btn\" type=\"button\" data-toggle=\"collapse\" data-target=\"#collapseCuatro\"><br \/>\nM\u00f3dulo 3: El L\u00edder para la Cuarta Revoluci\u00f3n Industrial<br \/>\n<\/button><\/div>\n<div id=\"collapseCuatro\" class=\"collapse\" aria-labelledby=\"headingCuatro\" data-parent=\"#accordionExample\">\n<div class=\"card-body ec-cardbody\">\n<p><b>Prop\u00f3sito:<\/b> Desarrollar el arte de inspirar a los dem\u00e1s y coordinar acciones para obtener resultados exitosos de cara a los retos de la Cuarta Revoluci\u00f3n Industrial<\/p>\n<p><b>Saberes:<\/b><\/p>\n<ul style=\"list-style: none;\">\n<li><b>Saber 1:<\/b> El nuevo liderazgo en la Cuarta Revoluci\u00f3n Industrial<\/li>\n<li><b>Saber 2:<\/b> El perfil del l\u00edder 4.0<\/li>\n<li><b>Saber 3:<\/b> Habilidades coach para el l\u00edder 4.0<\/li>\n<li><b>Saber 4.<\/b> Laboratorio de liderazgo para la transformaci\u00f3n digital<\/li>\n<\/ul>\n<p><b>Horas:<\/b>15<\/p>\n<\/div>\n<\/div>\n<\/div>\n<\/div>\n<p>El inicio del curso se encuentra sujeto a la inscripci\u00f3n del cupo m\u00ednimo de 15 participantes.<\/p>\n","protected":false},"excerpt":{"rendered":"<p>\ufeff\ufeff La Cuarta Revoluci\u00f3n Industrial est\u00e1 cambiando muchas estructuras sociales. En Jap\u00f3n, por ejemplo, los resultados de estos cambios sociales suelen recibir el nombre de Sociedad 5.0. Hemos pasado de ser una sociedad cazadora y recolectora (Sociedad 1.0) a una sociedad agr\u00edcola (Sociedad 2.0), una sociedad industrial (Sociedad 3.0) y una sociedad de la informaci\u00f3n [&hellip;]<\/p>\n","protected":false},"featured_media":5028,"comment_status":"open","ping_status":"closed","template":"","meta":{"_acf_changed":false},"product_cat":[15],"product_tag":[66],"tipo_oferta":[],"modalidad":[91],"nivel":[93],"tipo_de_programa":[103],"acf":[],"yoast_head":"<!-- This site is optimized with the Yoast SEO plugin v22.9 - https:\/\/yoast.com\/wordpress\/plugins\/seo\/ -->\n<title>Habilidades para la Industria 4.0 - Unidad de Educaci\u00f3n Continua - I.U. Pascual Bravo<\/title>\n<meta name=\"robots\" content=\"index, follow, max-snippet:-1, max-image-preview:large, max-video-preview:-1\" \/>\n<link rel=\"canonical\" href=\"https:\/\/educacioncontinua.pascualbravo.edu.co\/?product=habilidades-para-la-industria-4-0\" \/>\n<meta property=\"og:locale\" content=\"es_ES\" \/>\n<meta property=\"og:type\" content=\"article\" \/>\n<meta property=\"og:title\" content=\"Habilidades para la Industria 4.0 - Unidad de Educaci\u00f3n Continua - I.U. Pascual Bravo\" \/>\n<meta property=\"og:description\" content=\"\ufeff\ufeff La Cuarta Revoluci\u00f3n Industrial est\u00e1 cambiando muchas estructuras sociales. En Jap\u00f3n, por ejemplo, los resultados de estos cambios sociales suelen recibir el nombre de Sociedad 5.0. Hemos pasado de ser una sociedad cazadora y recolectora (Sociedad 1.0) a una sociedad agr\u00edcola (Sociedad 2.0), una sociedad industrial (Sociedad 3.0) y una sociedad de la informaci\u00f3n [&hellip;]\" \/>\n<meta property=\"og:url\" content=\"https:\/\/educacioncontinua.pascualbravo.edu.co\/?product=habilidades-para-la-industria-4-0\" \/>\n<meta property=\"og:site_name\" content=\"Unidad de Educaci\u00f3n Continua - I.U. Pascual Bravo\" \/>\n<meta property=\"article:modified_time\" content=\"2025-11-26T16:51:38+00:00\" \/>\n<meta property=\"og:image\" content=\"https:\/\/educacioncontinua.pascualbravo.edu.co\/wp-content\/uploads\/2022\/10\/Habilidades-para-la-Industria-4-0.jpg\" \/>\n\t<meta property=\"og:image:width\" content=\"301\" \/>\n\t<meta property=\"og:image:height\" content=\"301\" \/>\n\t<meta property=\"og:image:type\" content=\"image\/jpeg\" \/>\n<meta name=\"twitter:card\" content=\"summary_large_image\" \/>\n<meta name=\"twitter:label1\" content=\"Tiempo de lectura\" \/>\n\t<meta name=\"twitter:data1\" content=\"4 minutos\" \/>\n<script type=\"application\/ld+json\" class=\"yoast-schema-graph\">{\"@context\":\"https:\/\/schema.org\",\"@graph\":[{\"@type\":\"WebPage\",\"@id\":\"https:\/\/educacioncontinua.pascualbravo.edu.co\/?product=habilidades-para-la-industria-4-0\",\"url\":\"https:\/\/educacioncontinua.pascualbravo.edu.co\/?product=habilidades-para-la-industria-4-0\",\"name\":\"Habilidades para la Industria 4.0 - Unidad de Educaci\u00f3n Continua - I.U. Pascual Bravo\",\"isPartOf\":{\"@id\":\"https:\/\/educacioncontinua.pascualbravo.edu.co\/#website\"},\"primaryImageOfPage\":{\"@id\":\"https:\/\/educacioncontinua.pascualbravo.edu.co\/?product=habilidades-para-la-industria-4-0#primaryimage\"},\"image\":{\"@id\":\"https:\/\/educacioncontinua.pascualbravo.edu.co\/?product=habilidades-para-la-industria-4-0#primaryimage\"},\"thumbnailUrl\":\"https:\/\/educacioncontinua.pascualbravo.edu.co\/wp-content\/uploads\/2022\/10\/Habilidades-para-la-Industria-4-0.jpg\",\"datePublished\":\"2022-10-18T13:08:56+00:00\",\"dateModified\":\"2025-11-26T16:51:38+00:00\",\"breadcrumb\":{\"@id\":\"https:\/\/educacioncontinua.pascualbravo.edu.co\/?product=habilidades-para-la-industria-4-0#breadcrumb\"},\"inLanguage\":\"es-CO\",\"potentialAction\":[{\"@type\":\"ReadAction\",\"target\":[\"https:\/\/educacioncontinua.pascualbravo.edu.co\/?product=habilidades-para-la-industria-4-0\"]}]},{\"@type\":\"ImageObject\",\"inLanguage\":\"es-CO\",\"@id\":\"https:\/\/educacioncontinua.pascualbravo.edu.co\/?product=habilidades-para-la-industria-4-0#primaryimage\",\"url\":\"https:\/\/educacioncontinua.pascualbravo.edu.co\/wp-content\/uploads\/2022\/10\/Habilidades-para-la-Industria-4-0.jpg\",\"contentUrl\":\"https:\/\/educacioncontinua.pascualbravo.edu.co\/wp-content\/uploads\/2022\/10\/Habilidades-para-la-Industria-4-0.jpg\",\"width\":301,\"height\":301},{\"@type\":\"BreadcrumbList\",\"@id\":\"https:\/\/educacioncontinua.pascualbravo.edu.co\/?product=habilidades-para-la-industria-4-0#breadcrumb\",\"itemListElement\":[{\"@type\":\"ListItem\",\"position\":1,\"name\":\"Inicio\",\"item\":\"https:\/\/educacioncontinua.pascualbravo.edu.co\/\"},{\"@type\":\"ListItem\",\"position\":2,\"name\":\"Oferta acad\u00e9mica\",\"item\":\"https:\/\/educacioncontinua.pascualbravo.edu.co\/?page_id=14\"},{\"@type\":\"ListItem\",\"position\":3,\"name\":\"Habilidades para la Industria 4.0\"}]},{\"@type\":\"WebSite\",\"@id\":\"https:\/\/educacioncontinua.pascualbravo.edu.co\/#website\",\"url\":\"https:\/\/educacioncontinua.pascualbravo.edu.co\/\",\"name\":\"Unidad de Educaci\u00f3n Continua - I.U. Pascual Bravo\",\"description\":\"Unidad de Educaci\u00f3n Continua - I.U. Pascual Bravo\",\"publisher\":{\"@id\":\"https:\/\/educacioncontinua.pascualbravo.edu.co\/#organization\"},\"potentialAction\":[{\"@type\":\"SearchAction\",\"target\":{\"@type\":\"EntryPoint\",\"urlTemplate\":\"https:\/\/educacioncontinua.pascualbravo.edu.co\/?s={search_term_string}\"},\"query-input\":\"required name=search_term_string\"}],\"inLanguage\":\"es-CO\"},{\"@type\":\"Organization\",\"@id\":\"https:\/\/educacioncontinua.pascualbravo.edu.co\/#organization\",\"name\":\"Unidad de Educaci\u00f3n Continua - I.U. Pascual Bravo\",\"url\":\"https:\/\/educacioncontinua.pascualbravo.edu.co\/\",\"logo\":{\"@type\":\"ImageObject\",\"inLanguage\":\"es-CO\",\"@id\":\"https:\/\/educacioncontinua.pascualbravo.edu.co\/#\/schema\/logo\/image\/\",\"url\":\"https:\/\/educacioncontinua.pascualbravo.edu.co\/wp-content\/uploads\/2020\/12\/Pascual-Bravo.png\",\"contentUrl\":\"https:\/\/educacioncontinua.pascualbravo.edu.co\/wp-content\/uploads\/2020\/12\/Pascual-Bravo.png\",\"width\":300,\"height\":77,\"caption\":\"Unidad de Educaci\u00f3n Continua - I.U. Pascual Bravo\"},\"image\":{\"@id\":\"https:\/\/educacioncontinua.pascualbravo.edu.co\/#\/schema\/logo\/image\/\"}}]}<\/script>\n<!-- \/ Yoast SEO plugin. -->","yoast_head_json":{"title":"Habilidades para la Industria 4.0 - Unidad de Educaci\u00f3n Continua - I.U. Pascual Bravo","robots":{"index":"index","follow":"follow","max-snippet":"max-snippet:-1","max-image-preview":"max-image-preview:large","max-video-preview":"max-video-preview:-1"},"canonical":"https:\/\/educacioncontinua.pascualbravo.edu.co\/?product=habilidades-para-la-industria-4-0","og_locale":"es_ES","og_type":"article","og_title":"Habilidades para la Industria 4.0 - Unidad de Educaci\u00f3n Continua - I.U. Pascual Bravo","og_description":"\ufeff\ufeff La Cuarta Revoluci\u00f3n Industrial est\u00e1 cambiando muchas estructuras sociales. En Jap\u00f3n, por ejemplo, los resultados de estos cambios sociales suelen recibir el nombre de Sociedad 5.0. Hemos pasado de ser una sociedad cazadora y recolectora (Sociedad 1.0) a una sociedad agr\u00edcola (Sociedad 2.0), una sociedad industrial (Sociedad 3.0) y una sociedad de la informaci\u00f3n [&hellip;]","og_url":"https:\/\/educacioncontinua.pascualbravo.edu.co\/?product=habilidades-para-la-industria-4-0","og_site_name":"Unidad de Educaci\u00f3n Continua - I.U. Pascual Bravo","article_modified_time":"2025-11-26T16:51:38+00:00","og_image":[{"width":301,"height":301,"url":"https:\/\/educacioncontinua.pascualbravo.edu.co\/wp-content\/uploads\/2022\/10\/Habilidades-para-la-Industria-4-0.jpg","type":"image\/jpeg"}],"twitter_card":"summary_large_image","twitter_misc":{"Tiempo de lectura":"4 minutos"},"schema":{"@context":"https:\/\/schema.org","@graph":[{"@type":"WebPage","@id":"https:\/\/educacioncontinua.pascualbravo.edu.co\/?product=habilidades-para-la-industria-4-0","url":"https:\/\/educacioncontinua.pascualbravo.edu.co\/?product=habilidades-para-la-industria-4-0","name":"Habilidades para la Industria 4.0 - Unidad de Educaci\u00f3n Continua - I.U. Pascual Bravo","isPartOf":{"@id":"https:\/\/educacioncontinua.pascualbravo.edu.co\/#website"},"primaryImageOfPage":{"@id":"https:\/\/educacioncontinua.pascualbravo.edu.co\/?product=habilidades-para-la-industria-4-0#primaryimage"},"image":{"@id":"https:\/\/educacioncontinua.pascualbravo.edu.co\/?product=habilidades-para-la-industria-4-0#primaryimage"},"thumbnailUrl":"https:\/\/educacioncontinua.pascualbravo.edu.co\/wp-content\/uploads\/2022\/10\/Habilidades-para-la-Industria-4-0.jpg","datePublished":"2022-10-18T13:08:56+00:00","dateModified":"2025-11-26T16:51:38+00:00","breadcrumb":{"@id":"https:\/\/educacioncontinua.pascualbravo.edu.co\/?product=habilidades-para-la-industria-4-0#breadcrumb"},"inLanguage":"es-CO","potentialAction":[{"@type":"ReadAction","target":["https:\/\/educacioncontinua.pascualbravo.edu.co\/?product=habilidades-para-la-industria-4-0"]}]},{"@type":"ImageObject","inLanguage":"es-CO","@id":"https:\/\/educacioncontinua.pascualbravo.edu.co\/?product=habilidades-para-la-industria-4-0#primaryimage","url":"https:\/\/educacioncontinua.pascualbravo.edu.co\/wp-content\/uploads\/2022\/10\/Habilidades-para-la-Industria-4-0.jpg","contentUrl":"https:\/\/educacioncontinua.pascualbravo.edu.co\/wp-content\/uploads\/2022\/10\/Habilidades-para-la-Industria-4-0.jpg","width":301,"height":301},{"@type":"BreadcrumbList","@id":"https:\/\/educacioncontinua.pascualbravo.edu.co\/?product=habilidades-para-la-industria-4-0#breadcrumb","itemListElement":[{"@type":"ListItem","position":1,"name":"Inicio","item":"https:\/\/educacioncontinua.pascualbravo.edu.co\/"},{"@type":"ListItem","position":2,"name":"Oferta acad\u00e9mica","item":"https:\/\/educacioncontinua.pascualbravo.edu.co\/?page_id=14"},{"@type":"ListItem","position":3,"name":"Habilidades para la Industria 4.0"}]},{"@type":"WebSite","@id":"https:\/\/educacioncontinua.pascualbravo.edu.co\/#website","url":"https:\/\/educacioncontinua.pascualbravo.edu.co\/","name":"Unidad de Educaci\u00f3n Continua - I.U. Pascual Bravo","description":"Unidad de Educaci\u00f3n Continua - I.U. Pascual Bravo","publisher":{"@id":"https:\/\/educacioncontinua.pascualbravo.edu.co\/#organization"},"potentialAction":[{"@type":"SearchAction","target":{"@type":"EntryPoint","urlTemplate":"https:\/\/educacioncontinua.pascualbravo.edu.co\/?s={search_term_string}"},"query-input":"required name=search_term_string"}],"inLanguage":"es-CO"},{"@type":"Organization","@id":"https:\/\/educacioncontinua.pascualbravo.edu.co\/#organization","name":"Unidad de Educaci\u00f3n Continua - I.U. Pascual Bravo","url":"https:\/\/educacioncontinua.pascualbravo.edu.co\/","logo":{"@type":"ImageObject","inLanguage":"es-CO","@id":"https:\/\/educacioncontinua.pascualbravo.edu.co\/#\/schema\/logo\/image\/","url":"https:\/\/educacioncontinua.pascualbravo.edu.co\/wp-content\/uploads\/2020\/12\/Pascual-Bravo.png","contentUrl":"https:\/\/educacioncontinua.pascualbravo.edu.co\/wp-content\/uploads\/2020\/12\/Pascual-Bravo.png","width":300,"height":77,"caption":"Unidad de Educaci\u00f3n Continua - I.U. Pascual Bravo"},"image":{"@id":"https:\/\/educacioncontinua.pascualbravo.edu.co\/#\/schema\/logo\/image\/"}}]}},"_links":{"self":[{"href":"https:\/\/educacioncontinua.pascualbravo.edu.co\/index.php?rest_route=\/wp\/v2\/product\/5026"}],"collection":[{"href":"https:\/\/educacioncontinua.pascualbravo.edu.co\/index.php?rest_route=\/wp\/v2\/product"}],"about":[{"href":"https:\/\/educacioncontinua.pascualbravo.edu.co\/index.php?rest_route=\/wp\/v2\/types\/product"}],"replies":[{"embeddable":true,"href":"https:\/\/educacioncontinua.pascualbravo.edu.co\/index.php?rest_route=%2Fwp%2Fv2%2Fcomments&post=5026"}],"wp:featuredmedia":[{"embeddable":true,"href":"https:\/\/educacioncontinua.pascualbravo.edu.co\/index.php?rest_route=\/wp\/v2\/media\/5028"}],"wp:attachment":[{"href":"https:\/\/educacioncontinua.pascualbravo.edu.co\/index.php?rest_route=%2Fwp%2Fv2%2Fmedia&parent=5026"}],"wp:term":[{"taxonomy":"product_cat","embeddable":true,"href":"https:\/\/educacioncontinua.pascualbravo.edu.co\/index.php?rest_route=%2Fwp%2Fv2%2Fproduct_cat&post=5026"},{"taxonomy":"product_tag","embeddable":true,"href":"https:\/\/educacioncontinua.pascualbravo.edu.co\/index.php?rest_route=%2Fwp%2Fv2%2Fproduct_tag&post=5026"},{"taxonomy":"tipo_oferta","embeddable":true,"href":"https:\/\/educacioncontinua.pascualbravo.edu.co\/index.php?rest_route=%2Fwp%2Fv2%2Ftipo_oferta&post=5026"},{"taxonomy":"modalidad","embeddable":true,"href":"https:\/\/educacioncontinua.pascualbravo.edu.co\/index.php?rest_route=%2Fwp%2Fv2%2Fmodalidad&post=5026"},{"taxonomy":"nivel","embeddable":true,"href":"https:\/\/educacioncontinua.pascualbravo.edu.co\/index.php?rest_route=%2Fwp%2Fv2%2Fnivel&post=5026"},{"taxonomy":"tipo_de_programa","embeddable":true,"href":"https:\/\/educacioncontinua.pascualbravo.edu.co\/index.php?rest_route=%2Fwp%2Fv2%2Ftipo_de_programa&post=5026"}],"curies":[{"name":"wp","href":"https:\/\/api.w.org\/{rel}","templated":true}]}}