{"id":3204,"date":"2022-02-14T16:53:41","date_gmt":"2022-02-14T21:53:41","guid":{"rendered":"https:\/\/educacioncontinua.pascualbravo.edu.co\/?post_type=product&#038;p=3204"},"modified":"2024-11-29T17:42:28","modified_gmt":"2024-11-29T22:42:28","slug":"creacion-de-aparejos-rigging-y-animacion-de-diferentes-personajes-3d","status":"publish","type":"product","link":"https:\/\/educacioncontinua.pascualbravo.edu.co\/?product=creacion-de-aparejos-rigging-y-animacion-de-diferentes-personajes-3d","title":{"rendered":"Creaci\u00f3n de aparejos (Rigging) y animaci\u00f3n de diferentes personajes 3D"},"content":{"rendered":"<p>Dentro de las industrias del entretenimiento digital, es de vital importancia que los personajes 3D tengan una buena comunicaci\u00f3n gestual con el p\u00fablico, donde se logre tener el movimiento corporal necesario para definir su personalidad, expresarse y actuar.<\/p>\n<p>Por eso es de suma importancia que los personajes posean el sistema de aparejos (rigging), necesario y suficiente para lograr una excelente articulaci\u00f3n corporal, al momento de manipularlo dentro de una pel\u00edcula de animaci\u00f3n o de un videojuego 3D.<\/p>\n<p>Para eso se realiza un proceso dentro de las fases de preproducci\u00f3n, donde a los objetos modelados en 3D se les realiza la creaci\u00f3n de un sistema de huesos, restricciones, controladores, ayudantes, que son importantes y se adaptan a la fisionom\u00eda del personaje para animarlo.<\/p>\n<p>En este curso, los participantes aprender\u00e1n a dar vida a sus personajes, se ense\u00f1ar\u00e1 desde cero, la creaci\u00f3n de los sistema de aparejos (rigging), a colocarlo y adaptarlo en una geometr\u00eda. Tambi\u00e9n aprender\u00e1n a complementar el rigging con conceptos b\u00e1sicos de programaci\u00f3n, a generar poses realistas y a realizar animaciones simples.<\/p>\n<h5>Objetivo general:<\/h5>\n<p>Crear el sistema de aparejos (rigging) a varios personajes modelados en 3D, para posteriormente, darles vida con la animaci\u00f3n.<\/p>\n<h5>Objetivos espec\u00edficos:<\/h5>\n<ul>\n<li>Ubicar los huesos a los personajes seg\u00fan su morfolog\u00eda 3D para configurar sus articulaciones corporales.<\/li>\n<li>Crear los controladores (restricciones para manipular los huesos) y generaci\u00f3n del desollado (skin), para unir los huesos y controladores al cuerpo del personaje y prepararlo para su animaci\u00f3n.<\/li>\n<li>Animaci\u00f3n simple de los personajes a partir del movimiento de sus aparejos.<\/li>\n<\/ul>\n<h5>Lo que vas a aprender:<\/h5>\n<p><!--aqu\u00ed empieza acoerde\u00f3n de qu\u00e9 vas a aprender--><\/p>\n<div id=\"accordionExample\" class=\"accordion\">\n<div class=\"card ec-card\">\n<div id=\"headingOne\" class=\"card-header ec-header\">\n<p><button class=\"btn btn-link btn-block text-left ec-btn\" type=\"button\" data-toggle=\"collapse\" data-target=\"#collapseOne\"><br \/>\nNociones b\u00e1sicas sobre generaci\u00f3n de aparejos en los personajes<br \/>\n<\/button><\/p>\n<\/div>\n<div id=\"collapseOne\" class=\"collapse show\" aria-labelledby=\"headingOne\" data-parent=\"#accordionExample\">\n<div class=\"card-body ec-cardbody\">\n<ul>\n<li>Generalidades sobre qu\u00e9 es un aparejo, para qu\u00e9 sirve y c\u00f3mo se aplica, tipos de aparejos, terminolog\u00eda y nomenclatura.<\/li>\n<\/ul>\n<\/div>\n<\/div>\n<\/div>\n<div class=\"card ec-card\">\n<div id=\"headingTwo\" class=\"card-header ec-header\">\n<p><button class=\"btn btn-link btn-block text-left collapsed ec-btn\" type=\"button\" data-toggle=\"collapse\" data-target=\"#collapseTwo\"><br \/>\nAparejos a personaje b\u00e1sicos<br \/>\n<\/button><\/p>\n<\/div>\n<div id=\"collapseTwo\" class=\"collapse\" aria-labelledby=\"headingTwo\" data-parent=\"#accordionExample\">\n<div class=\"card-body ec-cardbody\">\n<ul>\n<li>Aparejos para un personaje b\u00e1sico flotante.<\/li>\n<li>Animaci\u00f3n de un personaje b\u00e1sico flotante.<\/li>\n<li>Aparejos para un personaje tipo herramienta.<\/li>\n<li>Aparejos para un personaje insecto.<\/li>\n<li>Aparejos para\u00a0 un personaje 2D.<\/li>\n<\/ul>\n<\/div>\n<\/div>\n<\/div>\n<div class=\"card ec-card\">\n<div id=\"headingThree\" class=\"card-header ec-header\">\n<p><button class=\"btn btn-link btn-block text-left collapsed ec-btn\" type=\"button\" data-toggle=\"collapse\" data-target=\"#collapseThree\"><br \/>\nAparejos a personajes avanzados<br \/>\n<\/button><\/p>\n<\/div>\n<div id=\"collapseThree\" class=\"collapse\" aria-labelledby=\"headingThree\" data-parent=\"#accordionExample\">\n<div class=\"card-body ec-cardbody\">\n<ul>\n<li>Aparejos para un pez.<\/li>\n<li>Aparejos para un ave.<\/li>\n<li>Aparejos para un personaje autom\u00f3vil toon.<\/li>\n<li>Aparejos para un personaje b\u00edpedo.<\/li>\n<li>Aparejos faciales.<\/li>\n<li>Aparejos para un personaje cuadr\u00fapedo.<\/li>\n<li>M\u00fasculos (b\u00e1sico).<\/li>\n<\/ul>\n<\/div>\n<\/div>\n<\/div>\n<\/div>\n<p><!--aqu\u00ed termina acoerde\u00f3n de qu\u00e9 vas a aprender--><\/p>\n<p>El inicio del curso se encuentra sujeto a la inscripci\u00f3n del cupo m\u00ednimo de 15 participantes.<\/p>\n","protected":false},"excerpt":{"rendered":"<p>Dentro de las industrias del entretenimiento digital, es de vital importancia que los personajes 3D tengan una buena comunicaci\u00f3n gestual con el p\u00fablico, donde se logre tener el movimiento corporal necesario para definir su personalidad, expresarse y actuar. Por eso es de suma importancia que los personajes posean el sistema de aparejos (rigging), necesario y [&hellip;]<\/p>\n","protected":false},"featured_media":3224,"comment_status":"open","ping_status":"closed","template":"","meta":{"_acf_changed":false},"product_cat":[65],"product_tag":[],"tipo_oferta":[88],"modalidad":[92],"nivel":[93],"tipo_de_programa":[103],"acf":[],"yoast_head":"<!-- This site is optimized with the Yoast SEO plugin v22.9 - https:\/\/yoast.com\/wordpress\/plugins\/seo\/ -->\n<title>Creaci\u00f3n de aparejos (Rigging) y animaci\u00f3n de diferentes personajes 3D - Unidad de Educaci\u00f3n Continua - I.U. Pascual Bravo<\/title>\n<meta name=\"robots\" content=\"index, follow, max-snippet:-1, max-image-preview:large, max-video-preview:-1\" \/>\n<link rel=\"canonical\" href=\"https:\/\/educacioncontinua.pascualbravo.edu.co\/?product=creacion-de-aparejos-rigging-y-animacion-de-diferentes-personajes-3d\" \/>\n<meta property=\"og:locale\" content=\"es_ES\" \/>\n<meta property=\"og:type\" content=\"article\" \/>\n<meta property=\"og:title\" content=\"Creaci\u00f3n de aparejos (Rigging) y animaci\u00f3n de diferentes personajes 3D - Unidad de Educaci\u00f3n Continua - I.U. Pascual Bravo\" \/>\n<meta property=\"og:description\" content=\"Dentro de las industrias del entretenimiento digital, es de vital importancia que los personajes 3D tengan una buena comunicaci\u00f3n gestual con el p\u00fablico, donde se logre tener el movimiento corporal necesario para definir su personalidad, expresarse y actuar. Por eso es de suma importancia que los personajes posean el sistema de aparejos (rigging), necesario y [&hellip;]\" \/>\n<meta property=\"og:url\" content=\"https:\/\/educacioncontinua.pascualbravo.edu.co\/?product=creacion-de-aparejos-rigging-y-animacion-de-diferentes-personajes-3d\" \/>\n<meta property=\"og:site_name\" content=\"Unidad de Educaci\u00f3n Continua - I.U. Pascual Bravo\" \/>\n<meta property=\"article:modified_time\" content=\"2024-11-29T22:42:28+00:00\" \/>\n<meta property=\"og:image\" content=\"https:\/\/educacioncontinua.pascualbravo.edu.co\/wp-content\/uploads\/2022\/02\/8_rigging_3d.jpg\" \/>\n\t<meta property=\"og:image:width\" content=\"301\" \/>\n\t<meta property=\"og:image:height\" content=\"301\" \/>\n\t<meta property=\"og:image:type\" content=\"image\/jpeg\" \/>\n<meta name=\"twitter:card\" content=\"summary_large_image\" \/>\n<meta name=\"twitter:label1\" content=\"Tiempo de lectura\" \/>\n\t<meta name=\"twitter:data1\" content=\"2 minutos\" \/>\n<script type=\"application\/ld+json\" class=\"yoast-schema-graph\">{\"@context\":\"https:\/\/schema.org\",\"@graph\":[{\"@type\":\"WebPage\",\"@id\":\"https:\/\/educacioncontinua.pascualbravo.edu.co\/?product=creacion-de-aparejos-rigging-y-animacion-de-diferentes-personajes-3d\",\"url\":\"https:\/\/educacioncontinua.pascualbravo.edu.co\/?product=creacion-de-aparejos-rigging-y-animacion-de-diferentes-personajes-3d\",\"name\":\"Creaci\u00f3n de aparejos (Rigging) y animaci\u00f3n de diferentes personajes 3D - Unidad de Educaci\u00f3n Continua - I.U. Pascual Bravo\",\"isPartOf\":{\"@id\":\"https:\/\/educacioncontinua.pascualbravo.edu.co\/#website\"},\"primaryImageOfPage\":{\"@id\":\"https:\/\/educacioncontinua.pascualbravo.edu.co\/?product=creacion-de-aparejos-rigging-y-animacion-de-diferentes-personajes-3d#primaryimage\"},\"image\":{\"@id\":\"https:\/\/educacioncontinua.pascualbravo.edu.co\/?product=creacion-de-aparejos-rigging-y-animacion-de-diferentes-personajes-3d#primaryimage\"},\"thumbnailUrl\":\"https:\/\/educacioncontinua.pascualbravo.edu.co\/wp-content\/uploads\/2022\/02\/8_rigging_3d.jpg\",\"datePublished\":\"2022-02-14T21:53:41+00:00\",\"dateModified\":\"2024-11-29T22:42:28+00:00\",\"breadcrumb\":{\"@id\":\"https:\/\/educacioncontinua.pascualbravo.edu.co\/?product=creacion-de-aparejos-rigging-y-animacion-de-diferentes-personajes-3d#breadcrumb\"},\"inLanguage\":\"es-CO\",\"potentialAction\":[{\"@type\":\"ReadAction\",\"target\":[\"https:\/\/educacioncontinua.pascualbravo.edu.co\/?product=creacion-de-aparejos-rigging-y-animacion-de-diferentes-personajes-3d\"]}]},{\"@type\":\"ImageObject\",\"inLanguage\":\"es-CO\",\"@id\":\"https:\/\/educacioncontinua.pascualbravo.edu.co\/?product=creacion-de-aparejos-rigging-y-animacion-de-diferentes-personajes-3d#primaryimage\",\"url\":\"https:\/\/educacioncontinua.pascualbravo.edu.co\/wp-content\/uploads\/2022\/02\/8_rigging_3d.jpg\",\"contentUrl\":\"https:\/\/educacioncontinua.pascualbravo.edu.co\/wp-content\/uploads\/2022\/02\/8_rigging_3d.jpg\",\"width\":301,\"height\":301},{\"@type\":\"BreadcrumbList\",\"@id\":\"https:\/\/educacioncontinua.pascualbravo.edu.co\/?product=creacion-de-aparejos-rigging-y-animacion-de-diferentes-personajes-3d#breadcrumb\",\"itemListElement\":[{\"@type\":\"ListItem\",\"position\":1,\"name\":\"Inicio\",\"item\":\"https:\/\/educacioncontinua.pascualbravo.edu.co\/\"},{\"@type\":\"ListItem\",\"position\":2,\"name\":\"Oferta acad\u00e9mica\",\"item\":\"https:\/\/educacioncontinua.pascualbravo.edu.co\/?page_id=14\"},{\"@type\":\"ListItem\",\"position\":3,\"name\":\"Creaci\u00f3n de aparejos (Rigging) y animaci\u00f3n de diferentes personajes 3D\"}]},{\"@type\":\"WebSite\",\"@id\":\"https:\/\/educacioncontinua.pascualbravo.edu.co\/#website\",\"url\":\"https:\/\/educacioncontinua.pascualbravo.edu.co\/\",\"name\":\"Unidad de Educaci\u00f3n Continua - I.U. Pascual Bravo\",\"description\":\"Unidad de Educaci\u00f3n Continua - I.U. Pascual Bravo\",\"publisher\":{\"@id\":\"https:\/\/educacioncontinua.pascualbravo.edu.co\/#organization\"},\"potentialAction\":[{\"@type\":\"SearchAction\",\"target\":{\"@type\":\"EntryPoint\",\"urlTemplate\":\"https:\/\/educacioncontinua.pascualbravo.edu.co\/?s={search_term_string}\"},\"query-input\":\"required name=search_term_string\"}],\"inLanguage\":\"es-CO\"},{\"@type\":\"Organization\",\"@id\":\"https:\/\/educacioncontinua.pascualbravo.edu.co\/#organization\",\"name\":\"Unidad de Educaci\u00f3n Continua - I.U. Pascual Bravo\",\"url\":\"https:\/\/educacioncontinua.pascualbravo.edu.co\/\",\"logo\":{\"@type\":\"ImageObject\",\"inLanguage\":\"es-CO\",\"@id\":\"https:\/\/educacioncontinua.pascualbravo.edu.co\/#\/schema\/logo\/image\/\",\"url\":\"https:\/\/educacioncontinua.pascualbravo.edu.co\/wp-content\/uploads\/2020\/12\/Pascual-Bravo.png\",\"contentUrl\":\"https:\/\/educacioncontinua.pascualbravo.edu.co\/wp-content\/uploads\/2020\/12\/Pascual-Bravo.png\",\"width\":300,\"height\":77,\"caption\":\"Unidad de Educaci\u00f3n Continua - I.U. Pascual Bravo\"},\"image\":{\"@id\":\"https:\/\/educacioncontinua.pascualbravo.edu.co\/#\/schema\/logo\/image\/\"}}]}<\/script>\n<!-- \/ Yoast SEO plugin. -->","yoast_head_json":{"title":"Creaci\u00f3n de aparejos (Rigging) y animaci\u00f3n de diferentes personajes 3D - Unidad de Educaci\u00f3n Continua - I.U. Pascual Bravo","robots":{"index":"index","follow":"follow","max-snippet":"max-snippet:-1","max-image-preview":"max-image-preview:large","max-video-preview":"max-video-preview:-1"},"canonical":"https:\/\/educacioncontinua.pascualbravo.edu.co\/?product=creacion-de-aparejos-rigging-y-animacion-de-diferentes-personajes-3d","og_locale":"es_ES","og_type":"article","og_title":"Creaci\u00f3n de aparejos (Rigging) y animaci\u00f3n de diferentes personajes 3D - Unidad de Educaci\u00f3n Continua - I.U. Pascual Bravo","og_description":"Dentro de las industrias del entretenimiento digital, es de vital importancia que los personajes 3D tengan una buena comunicaci\u00f3n gestual con el p\u00fablico, donde se logre tener el movimiento corporal necesario para definir su personalidad, expresarse y actuar. Por eso es de suma importancia que los personajes posean el sistema de aparejos (rigging), necesario y [&hellip;]","og_url":"https:\/\/educacioncontinua.pascualbravo.edu.co\/?product=creacion-de-aparejos-rigging-y-animacion-de-diferentes-personajes-3d","og_site_name":"Unidad de Educaci\u00f3n Continua - I.U. Pascual Bravo","article_modified_time":"2024-11-29T22:42:28+00:00","og_image":[{"width":301,"height":301,"url":"https:\/\/educacioncontinua.pascualbravo.edu.co\/wp-content\/uploads\/2022\/02\/8_rigging_3d.jpg","type":"image\/jpeg"}],"twitter_card":"summary_large_image","twitter_misc":{"Tiempo de lectura":"2 minutos"},"schema":{"@context":"https:\/\/schema.org","@graph":[{"@type":"WebPage","@id":"https:\/\/educacioncontinua.pascualbravo.edu.co\/?product=creacion-de-aparejos-rigging-y-animacion-de-diferentes-personajes-3d","url":"https:\/\/educacioncontinua.pascualbravo.edu.co\/?product=creacion-de-aparejos-rigging-y-animacion-de-diferentes-personajes-3d","name":"Creaci\u00f3n de aparejos (Rigging) y animaci\u00f3n de diferentes personajes 3D - Unidad de Educaci\u00f3n Continua - I.U. Pascual Bravo","isPartOf":{"@id":"https:\/\/educacioncontinua.pascualbravo.edu.co\/#website"},"primaryImageOfPage":{"@id":"https:\/\/educacioncontinua.pascualbravo.edu.co\/?product=creacion-de-aparejos-rigging-y-animacion-de-diferentes-personajes-3d#primaryimage"},"image":{"@id":"https:\/\/educacioncontinua.pascualbravo.edu.co\/?product=creacion-de-aparejos-rigging-y-animacion-de-diferentes-personajes-3d#primaryimage"},"thumbnailUrl":"https:\/\/educacioncontinua.pascualbravo.edu.co\/wp-content\/uploads\/2022\/02\/8_rigging_3d.jpg","datePublished":"2022-02-14T21:53:41+00:00","dateModified":"2024-11-29T22:42:28+00:00","breadcrumb":{"@id":"https:\/\/educacioncontinua.pascualbravo.edu.co\/?product=creacion-de-aparejos-rigging-y-animacion-de-diferentes-personajes-3d#breadcrumb"},"inLanguage":"es-CO","potentialAction":[{"@type":"ReadAction","target":["https:\/\/educacioncontinua.pascualbravo.edu.co\/?product=creacion-de-aparejos-rigging-y-animacion-de-diferentes-personajes-3d"]}]},{"@type":"ImageObject","inLanguage":"es-CO","@id":"https:\/\/educacioncontinua.pascualbravo.edu.co\/?product=creacion-de-aparejos-rigging-y-animacion-de-diferentes-personajes-3d#primaryimage","url":"https:\/\/educacioncontinua.pascualbravo.edu.co\/wp-content\/uploads\/2022\/02\/8_rigging_3d.jpg","contentUrl":"https:\/\/educacioncontinua.pascualbravo.edu.co\/wp-content\/uploads\/2022\/02\/8_rigging_3d.jpg","width":301,"height":301},{"@type":"BreadcrumbList","@id":"https:\/\/educacioncontinua.pascualbravo.edu.co\/?product=creacion-de-aparejos-rigging-y-animacion-de-diferentes-personajes-3d#breadcrumb","itemListElement":[{"@type":"ListItem","position":1,"name":"Inicio","item":"https:\/\/educacioncontinua.pascualbravo.edu.co\/"},{"@type":"ListItem","position":2,"name":"Oferta acad\u00e9mica","item":"https:\/\/educacioncontinua.pascualbravo.edu.co\/?page_id=14"},{"@type":"ListItem","position":3,"name":"Creaci\u00f3n de aparejos (Rigging) y animaci\u00f3n de diferentes personajes 3D"}]},{"@type":"WebSite","@id":"https:\/\/educacioncontinua.pascualbravo.edu.co\/#website","url":"https:\/\/educacioncontinua.pascualbravo.edu.co\/","name":"Unidad de Educaci\u00f3n Continua - I.U. Pascual Bravo","description":"Unidad de Educaci\u00f3n Continua - I.U. Pascual Bravo","publisher":{"@id":"https:\/\/educacioncontinua.pascualbravo.edu.co\/#organization"},"potentialAction":[{"@type":"SearchAction","target":{"@type":"EntryPoint","urlTemplate":"https:\/\/educacioncontinua.pascualbravo.edu.co\/?s={search_term_string}"},"query-input":"required name=search_term_string"}],"inLanguage":"es-CO"},{"@type":"Organization","@id":"https:\/\/educacioncontinua.pascualbravo.edu.co\/#organization","name":"Unidad de Educaci\u00f3n Continua - I.U. Pascual Bravo","url":"https:\/\/educacioncontinua.pascualbravo.edu.co\/","logo":{"@type":"ImageObject","inLanguage":"es-CO","@id":"https:\/\/educacioncontinua.pascualbravo.edu.co\/#\/schema\/logo\/image\/","url":"https:\/\/educacioncontinua.pascualbravo.edu.co\/wp-content\/uploads\/2020\/12\/Pascual-Bravo.png","contentUrl":"https:\/\/educacioncontinua.pascualbravo.edu.co\/wp-content\/uploads\/2020\/12\/Pascual-Bravo.png","width":300,"height":77,"caption":"Unidad de Educaci\u00f3n Continua - I.U. Pascual Bravo"},"image":{"@id":"https:\/\/educacioncontinua.pascualbravo.edu.co\/#\/schema\/logo\/image\/"}}]}},"_links":{"self":[{"href":"https:\/\/educacioncontinua.pascualbravo.edu.co\/index.php?rest_route=\/wp\/v2\/product\/3204"}],"collection":[{"href":"https:\/\/educacioncontinua.pascualbravo.edu.co\/index.php?rest_route=\/wp\/v2\/product"}],"about":[{"href":"https:\/\/educacioncontinua.pascualbravo.edu.co\/index.php?rest_route=\/wp\/v2\/types\/product"}],"replies":[{"embeddable":true,"href":"https:\/\/educacioncontinua.pascualbravo.edu.co\/index.php?rest_route=%2Fwp%2Fv2%2Fcomments&post=3204"}],"wp:featuredmedia":[{"embeddable":true,"href":"https:\/\/educacioncontinua.pascualbravo.edu.co\/index.php?rest_route=\/wp\/v2\/media\/3224"}],"wp:attachment":[{"href":"https:\/\/educacioncontinua.pascualbravo.edu.co\/index.php?rest_route=%2Fwp%2Fv2%2Fmedia&parent=3204"}],"wp:term":[{"taxonomy":"product_cat","embeddable":true,"href":"https:\/\/educacioncontinua.pascualbravo.edu.co\/index.php?rest_route=%2Fwp%2Fv2%2Fproduct_cat&post=3204"},{"taxonomy":"product_tag","embeddable":true,"href":"https:\/\/educacioncontinua.pascualbravo.edu.co\/index.php?rest_route=%2Fwp%2Fv2%2Fproduct_tag&post=3204"},{"taxonomy":"tipo_oferta","embeddable":true,"href":"https:\/\/educacioncontinua.pascualbravo.edu.co\/index.php?rest_route=%2Fwp%2Fv2%2Ftipo_oferta&post=3204"},{"taxonomy":"modalidad","embeddable":true,"href":"https:\/\/educacioncontinua.pascualbravo.edu.co\/index.php?rest_route=%2Fwp%2Fv2%2Fmodalidad&post=3204"},{"taxonomy":"nivel","embeddable":true,"href":"https:\/\/educacioncontinua.pascualbravo.edu.co\/index.php?rest_route=%2Fwp%2Fv2%2Fnivel&post=3204"},{"taxonomy":"tipo_de_programa","embeddable":true,"href":"https:\/\/educacioncontinua.pascualbravo.edu.co\/index.php?rest_route=%2Fwp%2Fv2%2Ftipo_de_programa&post=3204"}],"curies":[{"name":"wp","href":"https:\/\/api.w.org\/{rel}","templated":true}]}}