{"id":3201,"date":"2022-02-14T16:15:15","date_gmt":"2022-02-14T21:15:15","guid":{"rendered":"https:\/\/educacioncontinua.pascualbravo.edu.co\/?post_type=product&#038;p=3201"},"modified":"2024-11-29T17:47:51","modified_gmt":"2024-11-29T22:47:51","slug":"activa-las-inteligencias-multiples-y-potencia-tu-vida","status":"publish","type":"product","link":"https:\/\/educacioncontinua.pascualbravo.edu.co\/?product=activa-las-inteligencias-multiples-y-potencia-tu-vida","title":{"rendered":"Activa las Inteligencias M\u00faltiples y potencia tu vida"},"content":{"rendered":"<p>La Teor\u00eda de las Inteligencias M\u00faltiples fue ideada por el psic\u00f3logo estadounidense Howard Gardner como contrapeso al paradigma de una inteligencia \u00fanica. Gardner propuso que la vida humana requiere del desarrollo de varios tipos de inteligencia. As\u00ed pues, Gardner no entra en contradicci\u00f3n con la definici\u00f3n cient\u00edfica de la inteligencia, como la \u00abcapacidad de solucionar problemas o elaborar bienes valiosos\u00bb.<\/p>\n<p>Howard Gardner y sus colaboradores de la prestigiosa Universidad de Harvard advirtieron que la inteligencia acad\u00e9mica (la obtenci\u00f3n de titulaciones y m\u00e9ritos educativos; el expediente acad\u00e9mico) no es un factor decisivo para conocer la inteligencia de una persona.<\/p>\n<p>De igual manera, Gardner afirma que todas las personas son due\u00f1as de cada una de las ocho clases de inteligencia, aunque cada cual destaca m\u00e1s en unas que en otras, no siendo ninguna de las ocho m\u00e1s importantes o valiosas que las dem\u00e1s. Generalmente, se requiere dominar gran parte de ellas para enfrentarnos a la vida, independientemente de la profesi\u00f3n que se ejerza. A fin de cuentas, la mayor\u00eda de trabajos y desaf\u00edos en la vida, precisan del uso de la mayor\u00eda de los tipos de inteligencia.<\/p>\n<p>Con base en lo anterior, se presenta el curso Activa las ocho inteligencias m\u00faltiples y potencia tu vida (adultos), est\u00e1 fundamentado en los avances actuales de la ciencia del comportamiento humano y las tendencias evolutivas del ser, y con la metodolog\u00eda de ense\u00f1anza del coaching y la Programaci\u00f3n Neuroling\u00fc\u00edstica, que le permitir\u00e1 a los participantes, vivir un espacio de aprendizaje consciente, efectivo y divertido.<\/p>\n<h5>Objetivo general:<\/h5>\n<p>Desarrollar en los participantes el conocimiento y la pr\u00e1ctica de las ocho Inteligencias M\u00faltiples para elevar las competencias del pensamiento anal\u00edtico y sist\u00e9mico, el liderazgo, el trabajo en equipo, la resoluci\u00f3n de retos y conflictos, la creatividad y la innovaci\u00f3n, de cara a los retos actuales y futuros de la sociedad mundial y al logro de resultados exitosos en la vida.<\/p>\n<h5>Objetivos espec\u00edficos:<\/h5>\n<ul>\n<li>Identificar el nivel de desarrollo en las 8 Inteligencias M\u00faltiples con el fin de fortalecer las competencias que se requieren en todas las dimensiones de la vida personal y profesional.<\/li>\n<li>Aprender a usar las 8 Inteligencias M\u00faltiples en los diferentes roles de la vida y lograr una experiencia vital m\u00e1s plena, exitosa y feliz.<\/li>\n<li>Aprovechar los beneficios de las 8 Inteligencias M\u00faltiples de cara a los retos actuales y futuros de la Cuarta Revoluci\u00f3n Industrial.<\/li>\n<\/ul>\n<h5>Lo que vas a aprender:<\/h5>\n<p><!--aqu\u00ed empieza acoerde\u00f3n de qu\u00e9 vas a aprender--><\/p>\n<div id=\"accordionExample\" class=\"accordion\">\n<div class=\"card ec-card\">\n<div id=\"headingOne\" class=\"card-header ec-header\">\n<p><button class=\"btn btn-link btn-block text-left ec-btn\" type=\"button\" data-toggle=\"collapse\" data-target=\"#collapseOne\" aria-expanded=\"true\" aria-controls=\"collapseOne\"><br \/>\nIdentificando las 8 Inteligencias M\u00faltiples en las dimensiones de la vida<br \/>\n<\/button><\/p>\n<\/div>\n<div id=\"collapseOne\" class=\"collapse show\" aria-labelledby=\"headingOne\" data-parent=\"#accordionExample\">\n<div class=\"card-body ec-cardbody\">\n<ul>\n<li>Marco de trabajo de las 8 Inteligencias M\u00faltiples.<\/li>\n<li>Neurociencia aplicada a las 8 Inteligencias M\u00faltiples.<\/li>\n<li>Diagn\u00f3stico actual del nivel de desarrollo de las 8 Inteligencias M\u00faltiples.<\/li>\n<li>Gerenciar los pensamientos, las emociones y las acciones con la Inteligencia Intrapersonal.<\/li>\n<li>Conocer las fortalezas y haza\u00f1as de bienestar que se pueden lograr con la Inteligencia Corporal.<\/li>\n<li>Manifestar el <em>Best Seller<\/em> de literatura que se lleva dentro con la Inteligencia Ling\u00fc\u00edstica.<\/li>\n<li>Activar el genio creativo para aprovechar las oportunidades y solucionar los retos, gracias a la Inteligencia L\u00f3gico-Matem\u00e1tica.<\/li>\n<li>Fortalecer las habilidades del maestro que ense\u00f1a, lidera y sirve a los dem\u00e1s con la Inteligencia Interpersonal.<\/li>\n<li>Despertar la sensibilidad de la naturaleza para ser m\u00e1s sabios, equilibrados y conscientes con la Inteligencia Naturista.<\/li>\n<li>Despertar el arquitecto de sue\u00f1os, proyectos y resultados con la Inteligencia Espacial.<\/li>\n<li>Explorar el ritmo y la inspiraci\u00f3n que suena en el interior con la Inteligencia Musical.<\/li>\n<\/ul>\n<\/div>\n<\/div>\n<\/div>\n<div class=\"card ec-card\">\n<div id=\"headingTwo\" class=\"card-header ec-header\">\n<p><button class=\"btn btn-link btn-block text-left collapsed ec-btn\" type=\"button\" data-toggle=\"collapse\" data-target=\"#collapseTwo\" aria-expanded=\"false\" aria-controls=\"collapseTwo\"><br \/>\nAplicando las 8 Inteligencias M\u00faltiples en los escenarios de la vida<br \/>\n<\/button><\/p>\n<\/div>\n<div id=\"collapseTwo\" class=\"collapse\" aria-labelledby=\"headingTwo\" data-parent=\"#accordionExample\">\n<div class=\"card-body ec-cardbody\">\n<ul>\n<li>Dise\u00f1o y soluci\u00f3n de casos con <em>Design Thinking\/Services Design<\/em> a nivel personal, familiar, educativo, empresarial y social (enfoque pr\u00e1ctico y efectivo de acuerdo a los intereses de los participantes).<\/li>\n<li>Aplicaci\u00f3n de las Inteligencias M\u00faltiples en los retos actuales y futuros de la Cuarta Revoluci\u00f3n Industrial.<\/li>\n<li>Diagn\u00f3stico final del nivel de desarrollo de las 8 Inteligencias M\u00faltiples.<\/li>\n<\/ul>\n<\/div>\n<\/div>\n<\/div>\n<\/div>\n<p><!--aqu\u00ed termina acoerde\u00f3n de qu\u00e9 vas a aprender--><\/p>\n<p>El inicio del curso se encuentra sujeto a la inscripci\u00f3n del cupo m\u00ednimo de 15 participantes<\/p>\n","protected":false},"excerpt":{"rendered":"<p>La Teor\u00eda de las Inteligencias M\u00faltiples fue ideada por el psic\u00f3logo estadounidense Howard Gardner como contrapeso al paradigma de una inteligencia \u00fanica. Gardner propuso que la vida humana requiere del desarrollo de varios tipos de inteligencia. As\u00ed pues, Gardner no entra en contradicci\u00f3n con la definici\u00f3n cient\u00edfica de la inteligencia, como la \u00abcapacidad de solucionar [&hellip;]<\/p>\n","protected":false},"featured_media":3562,"comment_status":"open","ping_status":"closed","template":"","meta":{"_acf_changed":false},"product_cat":[72],"product_tag":[],"tipo_oferta":[88],"modalidad":[92],"nivel":[93],"tipo_de_programa":[103],"acf":[],"yoast_head":"<!-- This site is optimized with the Yoast SEO plugin v22.9 - https:\/\/yoast.com\/wordpress\/plugins\/seo\/ -->\n<title>Activa las Inteligencias M\u00faltiples y potencia tu vida - Unidad de Educaci\u00f3n Continua - I.U. Pascual Bravo<\/title>\n<meta name=\"robots\" content=\"index, follow, max-snippet:-1, max-image-preview:large, max-video-preview:-1\" \/>\n<link rel=\"canonical\" href=\"https:\/\/educacioncontinua.pascualbravo.edu.co\/?product=activa-las-inteligencias-multiples-y-potencia-tu-vida\" \/>\n<meta property=\"og:locale\" content=\"es_ES\" \/>\n<meta property=\"og:type\" content=\"article\" \/>\n<meta property=\"og:title\" content=\"Activa las Inteligencias M\u00faltiples y potencia tu vida - Unidad de Educaci\u00f3n Continua - I.U. Pascual Bravo\" \/>\n<meta property=\"og:description\" content=\"La Teor\u00eda de las Inteligencias M\u00faltiples fue ideada por el psic\u00f3logo estadounidense Howard Gardner como contrapeso al paradigma de una inteligencia \u00fanica. Gardner propuso que la vida humana requiere del desarrollo de varios tipos de inteligencia. As\u00ed pues, Gardner no entra en contradicci\u00f3n con la definici\u00f3n cient\u00edfica de la inteligencia, como la \u00abcapacidad de solucionar [&hellip;]\" \/>\n<meta property=\"og:url\" content=\"https:\/\/educacioncontinua.pascualbravo.edu.co\/?product=activa-las-inteligencias-multiples-y-potencia-tu-vida\" \/>\n<meta property=\"og:site_name\" content=\"Unidad de Educaci\u00f3n Continua - I.U. Pascual Bravo\" \/>\n<meta property=\"article:modified_time\" content=\"2024-11-29T22:47:51+00:00\" \/>\n<meta property=\"og:image\" content=\"https:\/\/educacioncontinua.pascualbravo.edu.co\/wp-content\/uploads\/2022\/02\/fpv_inteligencias_multiples_adultos.jpg\" \/>\n\t<meta property=\"og:image:width\" content=\"300\" \/>\n\t<meta property=\"og:image:height\" content=\"300\" \/>\n\t<meta property=\"og:image:type\" content=\"image\/jpeg\" \/>\n<meta name=\"twitter:card\" content=\"summary_large_image\" \/>\n<meta name=\"twitter:label1\" content=\"Tiempo de lectura\" \/>\n\t<meta name=\"twitter:data1\" content=\"4 minutos\" \/>\n<script type=\"application\/ld+json\" class=\"yoast-schema-graph\">{\"@context\":\"https:\/\/schema.org\",\"@graph\":[{\"@type\":\"WebPage\",\"@id\":\"https:\/\/educacioncontinua.pascualbravo.edu.co\/?product=activa-las-inteligencias-multiples-y-potencia-tu-vida\",\"url\":\"https:\/\/educacioncontinua.pascualbravo.edu.co\/?product=activa-las-inteligencias-multiples-y-potencia-tu-vida\",\"name\":\"Activa las Inteligencias M\u00faltiples y potencia tu vida - Unidad de Educaci\u00f3n Continua - I.U. Pascual Bravo\",\"isPartOf\":{\"@id\":\"https:\/\/educacioncontinua.pascualbravo.edu.co\/#website\"},\"primaryImageOfPage\":{\"@id\":\"https:\/\/educacioncontinua.pascualbravo.edu.co\/?product=activa-las-inteligencias-multiples-y-potencia-tu-vida#primaryimage\"},\"image\":{\"@id\":\"https:\/\/educacioncontinua.pascualbravo.edu.co\/?product=activa-las-inteligencias-multiples-y-potencia-tu-vida#primaryimage\"},\"thumbnailUrl\":\"https:\/\/educacioncontinua.pascualbravo.edu.co\/wp-content\/uploads\/2022\/02\/fpv_inteligencias_multiples_adultos.jpg\",\"datePublished\":\"2022-02-14T21:15:15+00:00\",\"dateModified\":\"2024-11-29T22:47:51+00:00\",\"breadcrumb\":{\"@id\":\"https:\/\/educacioncontinua.pascualbravo.edu.co\/?product=activa-las-inteligencias-multiples-y-potencia-tu-vida#breadcrumb\"},\"inLanguage\":\"es-CO\",\"potentialAction\":[{\"@type\":\"ReadAction\",\"target\":[\"https:\/\/educacioncontinua.pascualbravo.edu.co\/?product=activa-las-inteligencias-multiples-y-potencia-tu-vida\"]}]},{\"@type\":\"ImageObject\",\"inLanguage\":\"es-CO\",\"@id\":\"https:\/\/educacioncontinua.pascualbravo.edu.co\/?product=activa-las-inteligencias-multiples-y-potencia-tu-vida#primaryimage\",\"url\":\"https:\/\/educacioncontinua.pascualbravo.edu.co\/wp-content\/uploads\/2022\/02\/fpv_inteligencias_multiples_adultos.jpg\",\"contentUrl\":\"https:\/\/educacioncontinua.pascualbravo.edu.co\/wp-content\/uploads\/2022\/02\/fpv_inteligencias_multiples_adultos.jpg\",\"width\":300,\"height\":300},{\"@type\":\"BreadcrumbList\",\"@id\":\"https:\/\/educacioncontinua.pascualbravo.edu.co\/?product=activa-las-inteligencias-multiples-y-potencia-tu-vida#breadcrumb\",\"itemListElement\":[{\"@type\":\"ListItem\",\"position\":1,\"name\":\"Inicio\",\"item\":\"https:\/\/educacioncontinua.pascualbravo.edu.co\/\"},{\"@type\":\"ListItem\",\"position\":2,\"name\":\"Oferta acad\u00e9mica\",\"item\":\"https:\/\/educacioncontinua.pascualbravo.edu.co\/?page_id=14\"},{\"@type\":\"ListItem\",\"position\":3,\"name\":\"Activa las Inteligencias M\u00faltiples y potencia tu vida\"}]},{\"@type\":\"WebSite\",\"@id\":\"https:\/\/educacioncontinua.pascualbravo.edu.co\/#website\",\"url\":\"https:\/\/educacioncontinua.pascualbravo.edu.co\/\",\"name\":\"Unidad de Educaci\u00f3n Continua - I.U. Pascual Bravo\",\"description\":\"Unidad de Educaci\u00f3n Continua - I.U. Pascual Bravo\",\"publisher\":{\"@id\":\"https:\/\/educacioncontinua.pascualbravo.edu.co\/#organization\"},\"potentialAction\":[{\"@type\":\"SearchAction\",\"target\":{\"@type\":\"EntryPoint\",\"urlTemplate\":\"https:\/\/educacioncontinua.pascualbravo.edu.co\/?s={search_term_string}\"},\"query-input\":\"required name=search_term_string\"}],\"inLanguage\":\"es-CO\"},{\"@type\":\"Organization\",\"@id\":\"https:\/\/educacioncontinua.pascualbravo.edu.co\/#organization\",\"name\":\"Unidad de Educaci\u00f3n Continua - I.U. Pascual Bravo\",\"url\":\"https:\/\/educacioncontinua.pascualbravo.edu.co\/\",\"logo\":{\"@type\":\"ImageObject\",\"inLanguage\":\"es-CO\",\"@id\":\"https:\/\/educacioncontinua.pascualbravo.edu.co\/#\/schema\/logo\/image\/\",\"url\":\"https:\/\/educacioncontinua.pascualbravo.edu.co\/wp-content\/uploads\/2020\/12\/Pascual-Bravo.png\",\"contentUrl\":\"https:\/\/educacioncontinua.pascualbravo.edu.co\/wp-content\/uploads\/2020\/12\/Pascual-Bravo.png\",\"width\":300,\"height\":77,\"caption\":\"Unidad de Educaci\u00f3n Continua - I.U. Pascual Bravo\"},\"image\":{\"@id\":\"https:\/\/educacioncontinua.pascualbravo.edu.co\/#\/schema\/logo\/image\/\"}}]}<\/script>\n<!-- \/ Yoast SEO plugin. -->","yoast_head_json":{"title":"Activa las Inteligencias M\u00faltiples y potencia tu vida - Unidad de Educaci\u00f3n Continua - I.U. Pascual Bravo","robots":{"index":"index","follow":"follow","max-snippet":"max-snippet:-1","max-image-preview":"max-image-preview:large","max-video-preview":"max-video-preview:-1"},"canonical":"https:\/\/educacioncontinua.pascualbravo.edu.co\/?product=activa-las-inteligencias-multiples-y-potencia-tu-vida","og_locale":"es_ES","og_type":"article","og_title":"Activa las Inteligencias M\u00faltiples y potencia tu vida - Unidad de Educaci\u00f3n Continua - I.U. Pascual Bravo","og_description":"La Teor\u00eda de las Inteligencias M\u00faltiples fue ideada por el psic\u00f3logo estadounidense Howard Gardner como contrapeso al paradigma de una inteligencia \u00fanica. Gardner propuso que la vida humana requiere del desarrollo de varios tipos de inteligencia. As\u00ed pues, Gardner no entra en contradicci\u00f3n con la definici\u00f3n cient\u00edfica de la inteligencia, como la \u00abcapacidad de solucionar [&hellip;]","og_url":"https:\/\/educacioncontinua.pascualbravo.edu.co\/?product=activa-las-inteligencias-multiples-y-potencia-tu-vida","og_site_name":"Unidad de Educaci\u00f3n Continua - I.U. Pascual Bravo","article_modified_time":"2024-11-29T22:47:51+00:00","og_image":[{"width":300,"height":300,"url":"https:\/\/educacioncontinua.pascualbravo.edu.co\/wp-content\/uploads\/2022\/02\/fpv_inteligencias_multiples_adultos.jpg","type":"image\/jpeg"}],"twitter_card":"summary_large_image","twitter_misc":{"Tiempo de lectura":"4 minutos"},"schema":{"@context":"https:\/\/schema.org","@graph":[{"@type":"WebPage","@id":"https:\/\/educacioncontinua.pascualbravo.edu.co\/?product=activa-las-inteligencias-multiples-y-potencia-tu-vida","url":"https:\/\/educacioncontinua.pascualbravo.edu.co\/?product=activa-las-inteligencias-multiples-y-potencia-tu-vida","name":"Activa las Inteligencias M\u00faltiples y potencia tu vida - Unidad de Educaci\u00f3n Continua - I.U. Pascual Bravo","isPartOf":{"@id":"https:\/\/educacioncontinua.pascualbravo.edu.co\/#website"},"primaryImageOfPage":{"@id":"https:\/\/educacioncontinua.pascualbravo.edu.co\/?product=activa-las-inteligencias-multiples-y-potencia-tu-vida#primaryimage"},"image":{"@id":"https:\/\/educacioncontinua.pascualbravo.edu.co\/?product=activa-las-inteligencias-multiples-y-potencia-tu-vida#primaryimage"},"thumbnailUrl":"https:\/\/educacioncontinua.pascualbravo.edu.co\/wp-content\/uploads\/2022\/02\/fpv_inteligencias_multiples_adultos.jpg","datePublished":"2022-02-14T21:15:15+00:00","dateModified":"2024-11-29T22:47:51+00:00","breadcrumb":{"@id":"https:\/\/educacioncontinua.pascualbravo.edu.co\/?product=activa-las-inteligencias-multiples-y-potencia-tu-vida#breadcrumb"},"inLanguage":"es-CO","potentialAction":[{"@type":"ReadAction","target":["https:\/\/educacioncontinua.pascualbravo.edu.co\/?product=activa-las-inteligencias-multiples-y-potencia-tu-vida"]}]},{"@type":"ImageObject","inLanguage":"es-CO","@id":"https:\/\/educacioncontinua.pascualbravo.edu.co\/?product=activa-las-inteligencias-multiples-y-potencia-tu-vida#primaryimage","url":"https:\/\/educacioncontinua.pascualbravo.edu.co\/wp-content\/uploads\/2022\/02\/fpv_inteligencias_multiples_adultos.jpg","contentUrl":"https:\/\/educacioncontinua.pascualbravo.edu.co\/wp-content\/uploads\/2022\/02\/fpv_inteligencias_multiples_adultos.jpg","width":300,"height":300},{"@type":"BreadcrumbList","@id":"https:\/\/educacioncontinua.pascualbravo.edu.co\/?product=activa-las-inteligencias-multiples-y-potencia-tu-vida#breadcrumb","itemListElement":[{"@type":"ListItem","position":1,"name":"Inicio","item":"https:\/\/educacioncontinua.pascualbravo.edu.co\/"},{"@type":"ListItem","position":2,"name":"Oferta acad\u00e9mica","item":"https:\/\/educacioncontinua.pascualbravo.edu.co\/?page_id=14"},{"@type":"ListItem","position":3,"name":"Activa las Inteligencias M\u00faltiples y potencia tu vida"}]},{"@type":"WebSite","@id":"https:\/\/educacioncontinua.pascualbravo.edu.co\/#website","url":"https:\/\/educacioncontinua.pascualbravo.edu.co\/","name":"Unidad de Educaci\u00f3n Continua - I.U. Pascual Bravo","description":"Unidad de Educaci\u00f3n Continua - I.U. Pascual Bravo","publisher":{"@id":"https:\/\/educacioncontinua.pascualbravo.edu.co\/#organization"},"potentialAction":[{"@type":"SearchAction","target":{"@type":"EntryPoint","urlTemplate":"https:\/\/educacioncontinua.pascualbravo.edu.co\/?s={search_term_string}"},"query-input":"required name=search_term_string"}],"inLanguage":"es-CO"},{"@type":"Organization","@id":"https:\/\/educacioncontinua.pascualbravo.edu.co\/#organization","name":"Unidad de Educaci\u00f3n Continua - I.U. Pascual Bravo","url":"https:\/\/educacioncontinua.pascualbravo.edu.co\/","logo":{"@type":"ImageObject","inLanguage":"es-CO","@id":"https:\/\/educacioncontinua.pascualbravo.edu.co\/#\/schema\/logo\/image\/","url":"https:\/\/educacioncontinua.pascualbravo.edu.co\/wp-content\/uploads\/2020\/12\/Pascual-Bravo.png","contentUrl":"https:\/\/educacioncontinua.pascualbravo.edu.co\/wp-content\/uploads\/2020\/12\/Pascual-Bravo.png","width":300,"height":77,"caption":"Unidad de Educaci\u00f3n Continua - I.U. Pascual Bravo"},"image":{"@id":"https:\/\/educacioncontinua.pascualbravo.edu.co\/#\/schema\/logo\/image\/"}}]}},"_links":{"self":[{"href":"https:\/\/educacioncontinua.pascualbravo.edu.co\/index.php?rest_route=\/wp\/v2\/product\/3201"}],"collection":[{"href":"https:\/\/educacioncontinua.pascualbravo.edu.co\/index.php?rest_route=\/wp\/v2\/product"}],"about":[{"href":"https:\/\/educacioncontinua.pascualbravo.edu.co\/index.php?rest_route=\/wp\/v2\/types\/product"}],"replies":[{"embeddable":true,"href":"https:\/\/educacioncontinua.pascualbravo.edu.co\/index.php?rest_route=%2Fwp%2Fv2%2Fcomments&post=3201"}],"wp:featuredmedia":[{"embeddable":true,"href":"https:\/\/educacioncontinua.pascualbravo.edu.co\/index.php?rest_route=\/wp\/v2\/media\/3562"}],"wp:attachment":[{"href":"https:\/\/educacioncontinua.pascualbravo.edu.co\/index.php?rest_route=%2Fwp%2Fv2%2Fmedia&parent=3201"}],"wp:term":[{"taxonomy":"product_cat","embeddable":true,"href":"https:\/\/educacioncontinua.pascualbravo.edu.co\/index.php?rest_route=%2Fwp%2Fv2%2Fproduct_cat&post=3201"},{"taxonomy":"product_tag","embeddable":true,"href":"https:\/\/educacioncontinua.pascualbravo.edu.co\/index.php?rest_route=%2Fwp%2Fv2%2Fproduct_tag&post=3201"},{"taxonomy":"tipo_oferta","embeddable":true,"href":"https:\/\/educacioncontinua.pascualbravo.edu.co\/index.php?rest_route=%2Fwp%2Fv2%2Ftipo_oferta&post=3201"},{"taxonomy":"modalidad","embeddable":true,"href":"https:\/\/educacioncontinua.pascualbravo.edu.co\/index.php?rest_route=%2Fwp%2Fv2%2Fmodalidad&post=3201"},{"taxonomy":"nivel","embeddable":true,"href":"https:\/\/educacioncontinua.pascualbravo.edu.co\/index.php?rest_route=%2Fwp%2Fv2%2Fnivel&post=3201"},{"taxonomy":"tipo_de_programa","embeddable":true,"href":"https:\/\/educacioncontinua.pascualbravo.edu.co\/index.php?rest_route=%2Fwp%2Fv2%2Ftipo_de_programa&post=3201"}],"curies":[{"name":"wp","href":"https:\/\/api.w.org\/{rel}","templated":true}]}}