{"id":2414,"date":"2021-12-02T15:01:39","date_gmt":"2021-12-02T20:01:39","guid":{"rendered":"https:\/\/educacioncontinua.pascualbravo.edu.co\/product\/electiva-fundamentos-de-iiot\/"},"modified":"2025-11-26T15:13:34","modified_gmt":"2025-11-26T20:13:34","slug":"fundamentos-de-iiot","status":"publish","type":"product","link":"https:\/\/educacioncontinua.pascualbravo.edu.co\/?product=fundamentos-de-iiot","title":{"rendered":"Fundamentos de IIoT"},"content":{"rendered":"<p><iframe title=\"YouTube video player\" src=\"https:\/\/www.youtube.com\/embed\/AUE4fiAFv9g?si=AHNvuHIlrigkMDpY\" width=\"560\" height=\"315\" frameborder=\"0\" allowfullscreen=\"allowfullscreen\"><\/iframe><br \/>\nBienvenido al curso de IIoT.<\/p>\n<p>En este espacio aprender\u00e1s sobre distintas herramientas que ayudan a las empresas a ser m\u00e1s competitivas y m\u00e1s \u00e1giles en la toma de decisiones.<\/p>\n<p>Las herramientas de IIoT son un conjunto de elementos dentro de lo conocido como la cuarta revoluci\u00f3n industrial aplicadas al entorno de la producci\u00f3n. Estas herramientas permiten tener la informaci\u00f3n a tiempo para evitar situaciones inesperadas que pueden tener consecuencias nocivas para los distintos procesos de una empresa, adem\u00e1s de como hacerlo de manera segura y adecuada cumpliendo siempre las mejores pr\u00e1cticas en el manejo de la informaci\u00f3n que es hoy en d\u00eda el principal activo que mueve la econom\u00eda en distintos sectores.<\/p>\n<p>Esta nave te llevar\u00e1 a las alturas, desde donde podr\u00e1s descubrir lo que ocurre antes que cualquier persona al nivel del suelo, permiti\u00e9ndote actuar a tiempo y llegar m\u00e1s r\u00e1pido que con medios tradicionales de diagn\u00f3stico y haciendo que seas una pieza fundamental en cualquier equipo de la industria que requiera informaci\u00f3n del mundo real siempre actualizada de manera autom\u00e1tica y confiable.<\/p>\n<p>Para el abordaje de este curso, el estudiante debe tener conocimientos b\u00e1sicos de comunicaci\u00f3n digital y manejo de sensores, conocer la diferencia entre un dato digital y uno an\u00e1logico, adem\u00e1s de conocer alg\u00fan lenguaje de programaci\u00f3n de alto nivel como python, C o C++ de manera al menos superficial.<\/p>\n<p>La metodolog\u00eda ser\u00e1 la de un curso autocontenido y autogestionado por el estudiante, teniendo la oportunidad de desarrollar su conocimiento a trav\u00e9s de las diferentes actividades planteadas en cada m\u00f3dulo tales como lecturas o contenido interactivo que lo guiar\u00e1n a trav\u00e9s de la ruta de aprendizaje.<\/p>\n<p>Te invitamos a seguir la ruta con la mejor actitud y a conciencia sabiendo que al aprobar cada m\u00f3dulo estar\u00e1s un paso m\u00e1s cerca de tus objetivos.<\/p>\n<p>\u00a1Aprende y disfruta!<\/p>\n<h5>Objetivo general:<\/h5>\n<p>Ofrecer herramientas que permitan conectar procesos f\u00edsicos en la industria a una plataforma de telemedida, favoreciendo la toma de decisiones y la ejecuci\u00f3n de acciones remotamente.<\/p>\n<h5>Objetivos espec\u00edficos:<\/h5>\n<ul>\n<li>Dar una visi\u00f3n general de los mecanismos involucrados en un sistema de IIoT.<\/li>\n<li>Identificar las bases de medici\u00f3n y c\u00f3mo operan diferentes tipos de sensores, la forma en que estos entregan los datos y c\u00f3mo debo interpretar los valores medidos.<\/li>\n<li>Conocer los diferentes mecanismos de transmisi\u00f3n de datos, los protocolos de comunicaci\u00f3n y algunas plataformas de visualizaci\u00f3n y seguimiento de datos en la nube.<\/li>\n<\/ul>\n<h5>Lo que vas a aprender:<\/h5>\n<p><!--aqu\u00ed empieza acoerde\u00f3n de qu\u00e9 vas a aprender--><\/p>\n<div id=\"accordionExample\" class=\"accordion\">\n<div class=\"card ec-card\">\n<div id=\"headingOne\" class=\"card-header ec-header\">\n<p><button class=\"btn btn-link btn-block text-left ec-btn\" type=\"button\" data-toggle=\"collapse\" data-target=\"#collapseOne\"><br \/>\nIntroducci\u00f3n<br \/>\n<\/button><\/p>\n<\/div>\n<div id=\"collapseOne\" class=\"collapse show\" aria-labelledby=\"headingOne\" data-parent=\"#accordionExample\">\n<div class=\"card-body ec-cardbody\">\n<ul>\n<li>Presentaci\u00f3n.<\/li>\n<li>Ruta de aprendizaje.<\/li>\n<li>Evaluaci\u00f3n.<\/li>\n<li>Evaluaci\u00f3n Diagn\u00f3stica.<\/li>\n<\/ul>\n<\/div>\n<\/div>\n<\/div>\n<div class=\"card ec-card\">\n<div id=\"headingTwo\" class=\"card-header ec-header\">\n<p><button class=\"btn btn-link btn-block text-left collapsed ec-btn\" type=\"button\" data-toggle=\"collapse\" data-target=\"#collapseTwo\"><br \/>\n\u00bfQu\u00e9 es el IIoT?<br \/>\n<\/button><\/p>\n<\/div>\n<div id=\"collapseTwo\" class=\"collapse\" aria-labelledby=\"headingTwo\" data-parent=\"#accordionExample\">\n<div class=\"card-body ec-cardbody\">\n<ul>\n<li>Tecnolog\u00edas facilitadoras del IIoT.<\/li>\n<li>Conceptos de medici\u00f3n.<\/li>\n<li>Transmisi\u00f3n y visualizaci\u00f3n de informaci\u00f3n.<\/li>\n<\/ul>\n<\/div>\n<\/div>\n<\/div>\n<div class=\"card ec-card\">\n<div id=\"headingThree\" class=\"card-header ec-header\">\n<p><button class=\"btn btn-link btn-block text-left collapsed ec-btn\" type=\"button\" data-toggle=\"collapse\" data-target=\"#collapseThree\"><br \/>\nMedici\u00f3n, sensores y lectura de datos<br \/>\n<\/button><\/p>\n<\/div>\n<div id=\"collapseThree\" class=\"collapse\" aria-labelledby=\"headingThree\" data-parent=\"#accordionExample\">\n<div class=\"card-body ec-cardbody\">\n<ul>\n<li>Tipos de sensores y t\u00e9cnicas de medici\u00f3n.<\/li>\n<li>Lectura y transformaci\u00f3n de datos de sensores.<\/li>\n<li>Tarjetas de adquisici\u00f3n y su funcionamiento.<\/li>\n<\/ul>\n<\/div>\n<\/div>\n<\/div>\n<div class=\"card ec-card\">\n<div id=\"headingFour\" class=\"card-header ec-header\">\n<p><button class=\"btn btn-link btn-block text-left collapsed ec-btn\" type=\"button\" data-toggle=\"collapse\" data-target=\"#collapseFour\"><br \/>\nComunicaci\u00f3n y visualizaci\u00f3n de la informaci\u00f3n<br \/>\n<\/button><\/p>\n<\/div>\n<div id=\"collapseFour\" class=\"collapse\" aria-labelledby=\"headingFour\" data-parent=\"#accordionExample\">\n<div class=\"card-body ec-cardbody\">\n<ul>\n<li>Protocolos de comunicaci\u00f3n, lectura y transmisi\u00f3n de informaci\u00f3n.<\/li>\n<li>Mecanismos de seguridad, encriptaci\u00f3n y validaci\u00f3n de identidad.<\/li>\n<li>Uso de plataforma de visualizaci\u00f3n y seguimiento de datos en la WEB.<\/li>\n<\/ul>\n<\/div>\n<\/div>\n<\/div>\n<\/div>\n<p>El inicio del curso se encuentra sujeto a la inscripci\u00f3n del cupo m\u00ednimo de 15 participantes.<\/p>\n","protected":false},"excerpt":{"rendered":"<p>Bienvenido al curso de IIoT. En este espacio aprender\u00e1s sobre distintas herramientas que ayudan a las empresas a ser m\u00e1s competitivas y m\u00e1s \u00e1giles en la toma de decisiones. Las herramientas de IIoT son un conjunto de elementos dentro de lo conocido como la cuarta revoluci\u00f3n industrial aplicadas al entorno de la producci\u00f3n. Estas herramientas [&hellip;]<\/p>\n","protected":false},"featured_media":2468,"comment_status":"open","ping_status":"closed","template":"","meta":{"_acf_changed":false},"product_cat":[15],"product_tag":[66],"tipo_oferta":[88],"modalidad":[91],"nivel":[93],"tipo_de_programa":[103],"acf":[],"yoast_head":"<!-- This site is optimized with the Yoast SEO plugin v22.9 - https:\/\/yoast.com\/wordpress\/plugins\/seo\/ -->\n<title>Fundamentos de IIoT - Unidad de Educaci\u00f3n Continua - I.U. Pascual Bravo<\/title>\n<meta name=\"robots\" content=\"index, follow, max-snippet:-1, max-image-preview:large, max-video-preview:-1\" \/>\n<link rel=\"canonical\" href=\"https:\/\/educacioncontinua.pascualbravo.edu.co\/?product=fundamentos-de-iiot\" \/>\n<meta property=\"og:locale\" content=\"es_ES\" \/>\n<meta property=\"og:type\" content=\"article\" \/>\n<meta property=\"og:title\" content=\"Fundamentos de IIoT - Unidad de Educaci\u00f3n Continua - I.U. Pascual Bravo\" \/>\n<meta property=\"og:description\" content=\"Bienvenido al curso de IIoT. En este espacio aprender\u00e1s sobre distintas herramientas que ayudan a las empresas a ser m\u00e1s competitivas y m\u00e1s \u00e1giles en la toma de decisiones. Las herramientas de IIoT son un conjunto de elementos dentro de lo conocido como la cuarta revoluci\u00f3n industrial aplicadas al entorno de la producci\u00f3n. Estas herramientas [&hellip;]\" \/>\n<meta property=\"og:url\" content=\"https:\/\/educacioncontinua.pascualbravo.edu.co\/?product=fundamentos-de-iiot\" \/>\n<meta property=\"og:site_name\" content=\"Unidad de Educaci\u00f3n Continua - I.U. Pascual Bravo\" \/>\n<meta property=\"article:modified_time\" content=\"2025-11-26T20:13:34+00:00\" \/>\n<meta property=\"og:image\" content=\"https:\/\/educacioncontinua.pascualbravo.edu.co\/wp-content\/uploads\/2021\/12\/home_iiot.jpg\" \/>\n\t<meta property=\"og:image:width\" content=\"301\" \/>\n\t<meta property=\"og:image:height\" content=\"301\" \/>\n\t<meta property=\"og:image:type\" content=\"image\/jpeg\" \/>\n<meta name=\"twitter:card\" content=\"summary_large_image\" \/>\n<meta name=\"twitter:label1\" content=\"Tiempo de lectura\" \/>\n\t<meta name=\"twitter:data1\" content=\"3 minutos\" \/>\n<script type=\"application\/ld+json\" class=\"yoast-schema-graph\">{\"@context\":\"https:\/\/schema.org\",\"@graph\":[{\"@type\":\"WebPage\",\"@id\":\"https:\/\/educacioncontinua.pascualbravo.edu.co\/?product=fundamentos-de-iiot\",\"url\":\"https:\/\/educacioncontinua.pascualbravo.edu.co\/?product=fundamentos-de-iiot\",\"name\":\"Fundamentos de IIoT - Unidad de Educaci\u00f3n Continua - I.U. Pascual Bravo\",\"isPartOf\":{\"@id\":\"https:\/\/educacioncontinua.pascualbravo.edu.co\/#website\"},\"primaryImageOfPage\":{\"@id\":\"https:\/\/educacioncontinua.pascualbravo.edu.co\/?product=fundamentos-de-iiot#primaryimage\"},\"image\":{\"@id\":\"https:\/\/educacioncontinua.pascualbravo.edu.co\/?product=fundamentos-de-iiot#primaryimage\"},\"thumbnailUrl\":\"https:\/\/educacioncontinua.pascualbravo.edu.co\/wp-content\/uploads\/2021\/12\/home_iiot.jpg\",\"datePublished\":\"2021-12-02T20:01:39+00:00\",\"dateModified\":\"2025-11-26T20:13:34+00:00\",\"breadcrumb\":{\"@id\":\"https:\/\/educacioncontinua.pascualbravo.edu.co\/?product=fundamentos-de-iiot#breadcrumb\"},\"inLanguage\":\"es-CO\",\"potentialAction\":[{\"@type\":\"ReadAction\",\"target\":[\"https:\/\/educacioncontinua.pascualbravo.edu.co\/?product=fundamentos-de-iiot\"]}]},{\"@type\":\"ImageObject\",\"inLanguage\":\"es-CO\",\"@id\":\"https:\/\/educacioncontinua.pascualbravo.edu.co\/?product=fundamentos-de-iiot#primaryimage\",\"url\":\"https:\/\/educacioncontinua.pascualbravo.edu.co\/wp-content\/uploads\/2021\/12\/home_iiot.jpg\",\"contentUrl\":\"https:\/\/educacioncontinua.pascualbravo.edu.co\/wp-content\/uploads\/2021\/12\/home_iiot.jpg\",\"width\":301,\"height\":301},{\"@type\":\"BreadcrumbList\",\"@id\":\"https:\/\/educacioncontinua.pascualbravo.edu.co\/?product=fundamentos-de-iiot#breadcrumb\",\"itemListElement\":[{\"@type\":\"ListItem\",\"position\":1,\"name\":\"Inicio\",\"item\":\"https:\/\/educacioncontinua.pascualbravo.edu.co\/\"},{\"@type\":\"ListItem\",\"position\":2,\"name\":\"Oferta acad\u00e9mica\",\"item\":\"https:\/\/educacioncontinua.pascualbravo.edu.co\/?page_id=14\"},{\"@type\":\"ListItem\",\"position\":3,\"name\":\"Fundamentos de IIoT\"}]},{\"@type\":\"WebSite\",\"@id\":\"https:\/\/educacioncontinua.pascualbravo.edu.co\/#website\",\"url\":\"https:\/\/educacioncontinua.pascualbravo.edu.co\/\",\"name\":\"Unidad de Educaci\u00f3n Continua - I.U. Pascual Bravo\",\"description\":\"Unidad de Educaci\u00f3n Continua - I.U. Pascual Bravo\",\"publisher\":{\"@id\":\"https:\/\/educacioncontinua.pascualbravo.edu.co\/#organization\"},\"potentialAction\":[{\"@type\":\"SearchAction\",\"target\":{\"@type\":\"EntryPoint\",\"urlTemplate\":\"https:\/\/educacioncontinua.pascualbravo.edu.co\/?s={search_term_string}\"},\"query-input\":\"required name=search_term_string\"}],\"inLanguage\":\"es-CO\"},{\"@type\":\"Organization\",\"@id\":\"https:\/\/educacioncontinua.pascualbravo.edu.co\/#organization\",\"name\":\"Unidad de Educaci\u00f3n Continua - I.U. Pascual Bravo\",\"url\":\"https:\/\/educacioncontinua.pascualbravo.edu.co\/\",\"logo\":{\"@type\":\"ImageObject\",\"inLanguage\":\"es-CO\",\"@id\":\"https:\/\/educacioncontinua.pascualbravo.edu.co\/#\/schema\/logo\/image\/\",\"url\":\"https:\/\/educacioncontinua.pascualbravo.edu.co\/wp-content\/uploads\/2020\/12\/Pascual-Bravo.png\",\"contentUrl\":\"https:\/\/educacioncontinua.pascualbravo.edu.co\/wp-content\/uploads\/2020\/12\/Pascual-Bravo.png\",\"width\":300,\"height\":77,\"caption\":\"Unidad de Educaci\u00f3n Continua - I.U. Pascual Bravo\"},\"image\":{\"@id\":\"https:\/\/educacioncontinua.pascualbravo.edu.co\/#\/schema\/logo\/image\/\"}}]}<\/script>\n<!-- \/ Yoast SEO plugin. -->","yoast_head_json":{"title":"Fundamentos de IIoT - Unidad de Educaci\u00f3n Continua - I.U. Pascual Bravo","robots":{"index":"index","follow":"follow","max-snippet":"max-snippet:-1","max-image-preview":"max-image-preview:large","max-video-preview":"max-video-preview:-1"},"canonical":"https:\/\/educacioncontinua.pascualbravo.edu.co\/?product=fundamentos-de-iiot","og_locale":"es_ES","og_type":"article","og_title":"Fundamentos de IIoT - Unidad de Educaci\u00f3n Continua - I.U. Pascual Bravo","og_description":"Bienvenido al curso de IIoT. En este espacio aprender\u00e1s sobre distintas herramientas que ayudan a las empresas a ser m\u00e1s competitivas y m\u00e1s \u00e1giles en la toma de decisiones. Las herramientas de IIoT son un conjunto de elementos dentro de lo conocido como la cuarta revoluci\u00f3n industrial aplicadas al entorno de la producci\u00f3n. Estas herramientas [&hellip;]","og_url":"https:\/\/educacioncontinua.pascualbravo.edu.co\/?product=fundamentos-de-iiot","og_site_name":"Unidad de Educaci\u00f3n Continua - I.U. Pascual Bravo","article_modified_time":"2025-11-26T20:13:34+00:00","og_image":[{"width":301,"height":301,"url":"https:\/\/educacioncontinua.pascualbravo.edu.co\/wp-content\/uploads\/2021\/12\/home_iiot.jpg","type":"image\/jpeg"}],"twitter_card":"summary_large_image","twitter_misc":{"Tiempo de lectura":"3 minutos"},"schema":{"@context":"https:\/\/schema.org","@graph":[{"@type":"WebPage","@id":"https:\/\/educacioncontinua.pascualbravo.edu.co\/?product=fundamentos-de-iiot","url":"https:\/\/educacioncontinua.pascualbravo.edu.co\/?product=fundamentos-de-iiot","name":"Fundamentos de IIoT - Unidad de Educaci\u00f3n Continua - I.U. Pascual Bravo","isPartOf":{"@id":"https:\/\/educacioncontinua.pascualbravo.edu.co\/#website"},"primaryImageOfPage":{"@id":"https:\/\/educacioncontinua.pascualbravo.edu.co\/?product=fundamentos-de-iiot#primaryimage"},"image":{"@id":"https:\/\/educacioncontinua.pascualbravo.edu.co\/?product=fundamentos-de-iiot#primaryimage"},"thumbnailUrl":"https:\/\/educacioncontinua.pascualbravo.edu.co\/wp-content\/uploads\/2021\/12\/home_iiot.jpg","datePublished":"2021-12-02T20:01:39+00:00","dateModified":"2025-11-26T20:13:34+00:00","breadcrumb":{"@id":"https:\/\/educacioncontinua.pascualbravo.edu.co\/?product=fundamentos-de-iiot#breadcrumb"},"inLanguage":"es-CO","potentialAction":[{"@type":"ReadAction","target":["https:\/\/educacioncontinua.pascualbravo.edu.co\/?product=fundamentos-de-iiot"]}]},{"@type":"ImageObject","inLanguage":"es-CO","@id":"https:\/\/educacioncontinua.pascualbravo.edu.co\/?product=fundamentos-de-iiot#primaryimage","url":"https:\/\/educacioncontinua.pascualbravo.edu.co\/wp-content\/uploads\/2021\/12\/home_iiot.jpg","contentUrl":"https:\/\/educacioncontinua.pascualbravo.edu.co\/wp-content\/uploads\/2021\/12\/home_iiot.jpg","width":301,"height":301},{"@type":"BreadcrumbList","@id":"https:\/\/educacioncontinua.pascualbravo.edu.co\/?product=fundamentos-de-iiot#breadcrumb","itemListElement":[{"@type":"ListItem","position":1,"name":"Inicio","item":"https:\/\/educacioncontinua.pascualbravo.edu.co\/"},{"@type":"ListItem","position":2,"name":"Oferta acad\u00e9mica","item":"https:\/\/educacioncontinua.pascualbravo.edu.co\/?page_id=14"},{"@type":"ListItem","position":3,"name":"Fundamentos de IIoT"}]},{"@type":"WebSite","@id":"https:\/\/educacioncontinua.pascualbravo.edu.co\/#website","url":"https:\/\/educacioncontinua.pascualbravo.edu.co\/","name":"Unidad de Educaci\u00f3n Continua - I.U. Pascual Bravo","description":"Unidad de Educaci\u00f3n Continua - I.U. Pascual Bravo","publisher":{"@id":"https:\/\/educacioncontinua.pascualbravo.edu.co\/#organization"},"potentialAction":[{"@type":"SearchAction","target":{"@type":"EntryPoint","urlTemplate":"https:\/\/educacioncontinua.pascualbravo.edu.co\/?s={search_term_string}"},"query-input":"required name=search_term_string"}],"inLanguage":"es-CO"},{"@type":"Organization","@id":"https:\/\/educacioncontinua.pascualbravo.edu.co\/#organization","name":"Unidad de Educaci\u00f3n Continua - I.U. Pascual Bravo","url":"https:\/\/educacioncontinua.pascualbravo.edu.co\/","logo":{"@type":"ImageObject","inLanguage":"es-CO","@id":"https:\/\/educacioncontinua.pascualbravo.edu.co\/#\/schema\/logo\/image\/","url":"https:\/\/educacioncontinua.pascualbravo.edu.co\/wp-content\/uploads\/2020\/12\/Pascual-Bravo.png","contentUrl":"https:\/\/educacioncontinua.pascualbravo.edu.co\/wp-content\/uploads\/2020\/12\/Pascual-Bravo.png","width":300,"height":77,"caption":"Unidad de Educaci\u00f3n Continua - I.U. Pascual Bravo"},"image":{"@id":"https:\/\/educacioncontinua.pascualbravo.edu.co\/#\/schema\/logo\/image\/"}}]}},"_links":{"self":[{"href":"https:\/\/educacioncontinua.pascualbravo.edu.co\/index.php?rest_route=\/wp\/v2\/product\/2414"}],"collection":[{"href":"https:\/\/educacioncontinua.pascualbravo.edu.co\/index.php?rest_route=\/wp\/v2\/product"}],"about":[{"href":"https:\/\/educacioncontinua.pascualbravo.edu.co\/index.php?rest_route=\/wp\/v2\/types\/product"}],"replies":[{"embeddable":true,"href":"https:\/\/educacioncontinua.pascualbravo.edu.co\/index.php?rest_route=%2Fwp%2Fv2%2Fcomments&post=2414"}],"wp:featuredmedia":[{"embeddable":true,"href":"https:\/\/educacioncontinua.pascualbravo.edu.co\/index.php?rest_route=\/wp\/v2\/media\/2468"}],"wp:attachment":[{"href":"https:\/\/educacioncontinua.pascualbravo.edu.co\/index.php?rest_route=%2Fwp%2Fv2%2Fmedia&parent=2414"}],"wp:term":[{"taxonomy":"product_cat","embeddable":true,"href":"https:\/\/educacioncontinua.pascualbravo.edu.co\/index.php?rest_route=%2Fwp%2Fv2%2Fproduct_cat&post=2414"},{"taxonomy":"product_tag","embeddable":true,"href":"https:\/\/educacioncontinua.pascualbravo.edu.co\/index.php?rest_route=%2Fwp%2Fv2%2Fproduct_tag&post=2414"},{"taxonomy":"tipo_oferta","embeddable":true,"href":"https:\/\/educacioncontinua.pascualbravo.edu.co\/index.php?rest_route=%2Fwp%2Fv2%2Ftipo_oferta&post=2414"},{"taxonomy":"modalidad","embeddable":true,"href":"https:\/\/educacioncontinua.pascualbravo.edu.co\/index.php?rest_route=%2Fwp%2Fv2%2Fmodalidad&post=2414"},{"taxonomy":"nivel","embeddable":true,"href":"https:\/\/educacioncontinua.pascualbravo.edu.co\/index.php?rest_route=%2Fwp%2Fv2%2Fnivel&post=2414"},{"taxonomy":"tipo_de_programa","embeddable":true,"href":"https:\/\/educacioncontinua.pascualbravo.edu.co\/index.php?rest_route=%2Fwp%2Fv2%2Ftipo_de_programa&post=2414"}],"curies":[{"name":"wp","href":"https:\/\/api.w.org\/{rel}","templated":true}]}}